CRAN Package Check Results for Package sand

Last updated on 2024-07-17 18:53:34 CEST.

Flavor Version Tinstall Tcheck Ttotal Status Flags
r-devel-linux-x86_64-debian-clang 2.0.0 4.10 36.73 40.83 NOTE
r-devel-linux-x86_64-debian-gcc 2.0.0 2.92 27.39 30.31 NOTE
r-devel-linux-x86_64-fedora-clang 2.0.0 52.51 NOTE
r-devel-linux-x86_64-fedora-gcc 2.0.0 48.36 NOTE
r-devel-windows-x86_64 2.0.0 5.00 49.00 54.00 NOTE
r-patched-linux-x86_64 2.0.0 3.59 33.93 37.52 NOTE
r-release-linux-x86_64 2.0.0 3.27 34.87 38.14 NOTE
r-release-macos-arm64 2.0.0 20.00 NOTE
r-release-macos-x86_64 2.0.0 35.00 NOTE
r-release-windows-x86_64 2.0.0 5.00 50.00 55.00 NOTE
r-oldrel-macos-arm64 2.0.0 20.00 NOTE
r-oldrel-macos-x86_64 2.0.0 27.00 NOTE
r-oldrel-windows-x86_64 2.0.0 5.00 53.00 58.00 NOTE

Check Details

Version: 2.0.0
Check: package dependencies
Result: NOTE Package suggested but not available for checking: ‘networkTomography’ Flavors: r-devel-linux-x86_64-debian-clang, r-devel-linux-x86_64-debian-gcc, r-devel-linux-x86_64-fedora-clang, r-devel-linux-x86_64-fedora-gcc, r-devel-windows-x86_64, r-patched-linux-x86_64, r-release-linux-x86_64, r-release-windows-x86_64, r-oldrel-windows-x86_64

Version: 2.0.0
Check: data for non-ASCII characters
Result: NOTE Note: found 6 marked UTF-8 strings Flavors: r-devel-linux-x86_64-fedora-clang, r-devel-linux-x86_64-fedora-gcc

Version: 2.0.0
Check: package dependencies
Result: NOTE Packages suggested but not available for checking: 'networkTomography', 'org.Sc.sgd.db' Flavors: r-release-macos-arm64, r-release-macos-x86_64

Version: 2.0.0
Check: package dependencies
Result: NOTE Packages suggested but not available for checking: 'GOstats', 'networkTomography', 'org.Sc.sgd.db' Flavor: r-oldrel-macos-arm64

Version: 2.0.0
Check: package dependencies
Result: NOTE Packages suggested but not available for checking: 'GO.db', 'GOstats', 'car', 'ergm', 'networkTomography', 'org.Sc.sgd.db' Flavor: r-oldrel-macos-x86_64