CRAN Package Check Results for Package salesforcer

Last updated on 2024-07-12 06:53:16 CEST.

Flavor Version Tinstall Tcheck Ttotal Status Flags
r-devel-linux-x86_64-debian-clang 1.0.1 20.31 217.12 237.43 NOTE
r-devel-linux-x86_64-debian-gcc 1.0.1 18.05 159.90 177.95 NOTE
r-devel-linux-x86_64-fedora-clang 1.0.1 316.89 NOTE
r-devel-linux-x86_64-fedora-gcc 1.0.1 298.90 NOTE
r-devel-windows-x86_64 1.0.1 21.00 246.00 267.00 NOTE
r-patched-linux-x86_64 1.0.1 27.59 209.91 237.50 NOTE
r-release-linux-x86_64 1.0.1 14.17 205.93 220.10 NOTE
r-release-macos-arm64 1.0.1 94.00 NOTE
r-release-macos-x86_64 1.0.1 219.00 NOTE
r-release-windows-x86_64 1.0.1 22.00 250.00 272.00 NOTE
r-oldrel-macos-arm64 1.0.1 80.00 OK
r-oldrel-macos-x86_64 1.0.1 131.00 OK
r-oldrel-windows-x86_64 1.0.1 27.00 244.00 271.00 OK

Check Details

Version: 1.0.1
Check: Rd files
Result: NOTE checkRd: (-1) sf_get_all_jobs_bulk.Rd:42-43: Lost braces in \itemize; meant \describe ? checkRd: (-1) sf_get_all_jobs_bulk.Rd:44-46: Lost braces in \itemize; meant \describe ? checkRd: (-1) sf_get_all_query_jobs_bulk.Rd:43-44: Lost braces in \itemize; meant \describe ? checkRd: (-1) sf_get_all_query_jobs_bulk.Rd:45-47: Lost braces in \itemize; meant \describe ? checkRd: (-1) sf_get_all_query_jobs_bulk.Rd:48-50: Lost braces in \itemize; meant \describe ? checkRd: (-1) valid_metadata_list.Rd:10: Lost braces 10 | code{list}; contains name and valid inputs for data types | ^ Flavors: r-devel-linux-x86_64-debian-clang, r-devel-linux-x86_64-debian-gcc, r-devel-linux-x86_64-fedora-clang, r-devel-linux-x86_64-fedora-gcc, r-devel-windows-x86_64, r-patched-linux-x86_64, r-release-linux-x86_64, r-release-macos-arm64, r-release-macos-x86_64, r-release-windows-x86_64