CRAN Package Check Results for Package saeMSPE

Last updated on 2024-07-19 06:50:26 CEST.

Flavor Version Tinstall Tcheck Ttotal Status Flags
r-devel-linux-x86_64-debian-clang 1.2 69.72 72.04 141.76 NOTE
r-devel-linux-x86_64-debian-gcc 1.2 39.42 54.70 94.12 NOTE
r-devel-linux-x86_64-fedora-clang 1.2 174.06 NOTE
r-devel-linux-x86_64-fedora-gcc 1.2 184.46 NOTE
r-devel-windows-x86_64 1.2 43.00 88.00 131.00 NOTE
r-patched-linux-x86_64 1.2 56.80 67.56 124.36 NOTE
r-release-linux-x86_64 1.2 51.72 69.09 120.81 NOTE
r-release-macos-arm64 1.2 47.00 NOTE
r-release-macos-x86_64 1.2 96.00 NOTE
r-release-windows-x86_64 1.2 45.00 92.00 137.00 NOTE
r-oldrel-macos-arm64 1.2 55.00 NOTE
r-oldrel-macos-x86_64 1.2 87.00 NOTE
r-oldrel-windows-x86_64 1.2 57.00 112.00 169.00 NOTE

Check Details

Version: 1.2
Check: C++ specification
Result: NOTE Specified C++11: please drop specification unless essential Flavors: r-devel-linux-x86_64-debian-clang, r-devel-linux-x86_64-debian-gcc, r-devel-linux-x86_64-fedora-clang, r-devel-linux-x86_64-fedora-gcc, r-devel-windows-x86_64, r-patched-linux-x86_64, r-release-linux-x86_64, r-release-macos-arm64, r-release-macos-x86_64, r-release-windows-x86_64, r-oldrel-macos-arm64, r-oldrel-macos-x86_64, r-oldrel-windows-x86_64

Version: 1.2
Check: installed package size
Result: NOTE installed size is 6.7Mb sub-directories of 1Mb or more: libs 6.4Mb Flavors: r-release-macos-arm64, r-release-macos-x86_64, r-oldrel-macos-arm64, r-oldrel-macos-x86_64