CRAN Package Check Results for Package saeHB.unit

Last updated on 2024-06-13 17:49:26 CEST.

Flavor Version Tinstall Tcheck Ttotal Status Flags
r-devel-linux-x86_64-debian-clang 0.1.0 2.77 51.89 54.66 OK
r-devel-linux-x86_64-debian-gcc 0.1.0 0.37 1.53 1.90 ERROR
r-devel-linux-x86_64-fedora-clang 0.1.0 68.93 NOTE
r-devel-linux-x86_64-fedora-gcc 0.1.0 65.48 OK
r-devel-windows-x86_64 0.1.0 4.00 64.00 68.00 OK
r-patched-linux-x86_64 0.1.0 2.97 51.44 54.41 OK
r-release-linux-x86_64 0.1.0 2.60 52.04 54.64 OK
r-release-macos-arm64 0.1.0 27.00 OK
r-release-macos-x86_64 0.1.0 39.00 OK
r-release-windows-x86_64 0.1.0 4.00 66.00 70.00 OK
r-oldrel-macos-arm64 0.1.0 30.00 OK
r-oldrel-macos-x86_64 0.1.0 54.00 OK
r-oldrel-windows-x86_64 0.1.0 4.00 73.00 77.00 OK

Check Details

Version: 0.1.0
Check: package dependencies
Result: ERROR Package required but not available: ‘dplyr’ See section ‘The DESCRIPTION file’ in the ‘Writing R Extensions’ manual. Flavor: r-devel-linux-x86_64-debian-gcc

Version: 0.1.0
Check: Rd cross-references
Result: NOTE Undeclared package ‘ggplot2’ in Rd xrefs Flavor: r-devel-linux-x86_64-fedora-clang