CRAN Package Check Results for Package sFFLHD

Last updated on 2024-07-13 18:55:45 CEST.

Flavor Version Tinstall Tcheck Ttotal Status Flags
r-devel-linux-x86_64-debian-clang 0.1.2 6.71 69.51 76.22 NOTE
r-devel-linux-x86_64-debian-gcc 0.1.2 4.74 49.54 54.28 NOTE
r-devel-linux-x86_64-fedora-clang 0.1.2 91.42 NOTE
r-devel-linux-x86_64-fedora-gcc 0.1.2 88.14 NOTE
r-devel-windows-x86_64 0.1.2 6.00 70.00 76.00 NOTE
r-patched-linux-x86_64 0.1.2 4.13 66.11 70.24 NOTE
r-release-linux-x86_64 0.1.2 6.24 64.71 70.95 NOTE
r-release-macos-arm64 0.1.2 28.00 NOTE
r-release-macos-x86_64 0.1.2 42.00 NOTE
r-release-windows-x86_64 0.1.2 6.00 70.00 76.00 NOTE
r-oldrel-macos-arm64 0.1.2 33.00 NOTE
r-oldrel-macos-x86_64 0.1.2 45.00 NOTE
r-oldrel-windows-x86_64 0.1.2 7.00 79.00 86.00 NOTE

Check Details

Version: 0.1.2
Check: LazyData
Result: NOTE 'LazyData' is specified without a 'data' directory Flavors: r-devel-linux-x86_64-debian-clang, r-devel-linux-x86_64-debian-gcc, r-devel-linux-x86_64-fedora-clang, r-devel-linux-x86_64-fedora-gcc, r-devel-windows-x86_64, r-patched-linux-x86_64, r-release-linux-x86_64, r-release-macos-arm64, r-release-macos-x86_64, r-release-windows-x86_64, r-oldrel-macos-arm64, r-oldrel-macos-x86_64, r-oldrel-windows-x86_64

Version: 0.1.2
Check: dependencies in R code
Result: NOTE Namespace in Imports field not imported from: ‘R6’ All declared Imports should be used. Flavors: r-devel-linux-x86_64-fedora-clang, r-devel-linux-x86_64-fedora-gcc