CRAN Package Check Results for Package sBIC

Last updated on 2024-07-24 06:57:27 CEST.

Flavor Version Tinstall Tcheck Ttotal Status Flags
r-devel-linux-x86_64-debian-clang 0.2.0 17.83 80.14 97.97 NOTE
r-devel-linux-x86_64-debian-gcc 0.2.0 12.82 59.40 72.22 NOTE
r-devel-linux-x86_64-fedora-clang 0.2.0 143.57 NOTE
r-devel-linux-x86_64-fedora-gcc 0.2.0 296.17 NOTE
r-devel-windows-x86_64 0.2.0 20.00 95.00 115.00 NOTE
r-patched-linux-x86_64 0.2.0 21.10 74.47 95.57 NOTE
r-release-linux-x86_64 0.2.0 14.80 76.63 91.43 NOTE
r-release-macos-arm64 0.2.0 93.00 NOTE
r-release-macos-x86_64 0.2.0 161.00 NOTE
r-release-windows-x86_64 0.2.0 21.00 97.00 118.00 NOTE
r-oldrel-macos-arm64 0.2.0 91.00 OK
r-oldrel-macos-x86_64 0.2.0 123.00 OK
r-oldrel-windows-x86_64 0.2.0 21.00 111.00 132.00 OK

Check Details

Version: 0.2.0
Check: Rd files
Result: NOTE checkRd: (-1) setData.ReducedRankRegressions.Rd:14-16: Lost braces in \itemize; meant \describe ? checkRd: (-1) setData.ReducedRankRegressions.Rd:17-18: Lost braces in \itemize; meant \describe ? Flavors: r-devel-linux-x86_64-debian-clang, r-devel-linux-x86_64-debian-gcc, r-devel-linux-x86_64-fedora-clang, r-devel-linux-x86_64-fedora-gcc, r-devel-windows-x86_64, r-patched-linux-x86_64, r-release-linux-x86_64, r-release-macos-arm64, r-release-macos-x86_64, r-release-windows-x86_64

Version: 0.2.0
Check: compiled code
Result: NOTE File ‘sBIC/libs/sBIC.so’: Found no calls to: ‘R_registerRoutines’, ‘R_useDynamicSymbols’ It is good practice to register native routines and to disable symbol search. See ‘Writing portable packages’ in the ‘Writing R Extensions’ manual. Flavors: r-devel-linux-x86_64-fedora-clang, r-devel-linux-x86_64-fedora-gcc