CRAN Package Check Results for Package rwc

Last updated on 2024-07-19 06:50:26 CEST.

Flavor Version Tinstall Tcheck Ttotal Status Flags
r-devel-linux-x86_64-debian-clang 1.11 34.48 321.67 356.15 NOTE
r-devel-linux-x86_64-debian-gcc 1.11 24.59 227.94 252.53 NOTE
r-devel-linux-x86_64-fedora-clang 1.11 432.86 NOTE
r-devel-linux-x86_64-fedora-gcc 1.11 422.89 NOTE
r-devel-windows-x86_64 1.11 25.00 184.00 209.00 NOTE
r-patched-linux-x86_64 1.11 34.97 293.44 328.41 NOTE
r-release-linux-x86_64 1.11 35.00 298.56 333.56 NOTE
r-release-macos-arm64 1.11 90.00 NOTE
r-release-macos-x86_64 1.11 167.00 NOTE
r-release-windows-x86_64 1.11 25.00 189.00 214.00 NOTE
r-oldrel-macos-arm64 1.11 100.00 OK
r-oldrel-macos-x86_64 1.11 184.00 OK
r-oldrel-windows-x86_64 1.11 36.00 244.00 280.00 OK

Check Details

Version: 1.11
Check: Rd files
Result: NOTE checkRd: (-1) dGenWish.Rd:48: Lost braces 48 | -df/2*log|L(2*Sigma)L'| -1/2*tr{ (L(2*Sigma)L')^-1 L(-D)L' } | ^ checkRd: (-1) get.Q.Rd:9: Lost braces 9 | equal to exp{b1*x_1ij + ... + bp*x_pij}, where beta=(b1,b2,...,bp) is | ^ checkRd: (-1) get.Q.Rd:10: Lost braces; missing escapes or markup? 10 | a vector of log-conductance values of the covariates {x_kij}. Each | ^ checkRd: (-1) mcmc.wish.icar.Rd:73: Lost braces; missing escapes or markup? 73 | a vector of log-conductance values of the covariates {x_kij}. Each | ^ Flavors: r-devel-linux-x86_64-debian-clang, r-devel-linux-x86_64-debian-gcc, r-devel-linux-x86_64-fedora-clang, r-devel-linux-x86_64-fedora-gcc, r-devel-windows-x86_64, r-patched-linux-x86_64, r-release-linux-x86_64, r-release-macos-arm64, r-release-macos-x86_64, r-release-windows-x86_64