CRAN Package Check Results for Package rumidas

Last updated on 2024-06-12 17:57:32 CEST.

Flavor Version Tinstall Tcheck Ttotal Status Flags
r-devel-linux-x86_64-debian-clang 0.1.2 10.69 91.04 101.73 OK
r-devel-linux-x86_64-debian-gcc 0.1.2 0.30 1.72 2.02 ERROR
r-devel-linux-x86_64-fedora-clang 0.1.2 129.46 OK
r-devel-linux-x86_64-fedora-gcc 0.1.2 121.84 OK
r-devel-windows-x86_64 0.1.2 13.00 95.00 108.00 OK
r-patched-linux-x86_64 0.1.2 14.40 87.67 102.07 OK
r-release-linux-x86_64 0.1.2 13.18 84.21 97.39 OK
r-release-macos-arm64 0.1.2 36.00 OK
r-release-macos-x86_64 0.1.2 54.00 OK
r-release-windows-x86_64 0.1.2 14.00 97.00 111.00 OK
r-oldrel-macos-arm64 0.1.2 39.00 OK
r-oldrel-macos-x86_64 0.1.2 75.00 OK
r-oldrel-windows-x86_64 0.1.2 15.00 107.00 122.00 OK

Check Details

Version: 0.1.2
Check: package dependencies
Result: ERROR Package required but not available: ‘lubridate’ See section ‘The DESCRIPTION file’ in the ‘Writing R Extensions’ manual. Flavor: r-devel-linux-x86_64-debian-gcc