CRAN Package Check Results for Package rrcov3way

Last updated on 2024-06-14 05:58:37 CEST.

Flavor Version Tinstall Tcheck Ttotal Status Flags
r-devel-linux-x86_64-debian-clang 0.5-0 6.46 131.48 137.94 OK
r-devel-linux-x86_64-debian-gcc 0.5-0 6.96 85.59 92.55 ERROR
r-devel-linux-x86_64-fedora-clang 0.5-0 173.34 OK
r-devel-linux-x86_64-fedora-gcc 0.5-0 174.99 OK
r-devel-windows-x86_64 0.5-0 7.00 139.00 146.00 OK
r-patched-linux-x86_64 0.5-0 9.35 126.02 135.37 OK
r-release-linux-x86_64 0.5-0 9.36 127.21 136.57 OK
r-release-macos-arm64 0.5-0 54.00 OK
r-release-macos-x86_64 0.5-0 86.00 OK
r-release-windows-x86_64 0.5-0 8.00 145.00 153.00 OK
r-oldrel-macos-arm64 0.5-0 75.00 OK
r-oldrel-macos-x86_64 0.5-0 186.00 OK
r-oldrel-windows-x86_64 0.5-0 10.00 157.00 167.00 OK

Check Details

Version: 0.5-0
Check: package dependencies
Result: NOTE Packages suggested but not available for checking: 'ggplot2', 'reshape2' Flavor: r-devel-linux-x86_64-debian-gcc

Version: 0.5-0
Check: re-building of vignette outputs
Result: ERROR Error(s) in re-building vignettes: ... --- re-building ‘rrcov3way.Rnw’ using Sweave Robust Methods for Multiway Data Analysis, Applicable also for Compositional Data (version 0.5-0) Attaching package: 'rrcov3way' The following object is masked from 'package:stats': reorder Error: processing vignette 'rrcov3way.Rnw' failed with diagnostics: chunk 61 (label = amino-excitation) Error in library("ggplot2") : there is no package called 'ggplot2' --- failed re-building 'rrcov3way.Rnw' SUMMARY: processing the following file failed: 'rrcov3way.Rnw' Error: Vignette re-building failed. Execution halted Flavor: r-devel-linux-x86_64-debian-gcc