CRAN Package Check Results for Package rosv

Last updated on 2024-06-14 05:58:37 CEST.

Flavor Version Tinstall Tcheck Ttotal Status Flags
r-devel-linux-x86_64-debian-clang 0.5.1 5.60 52.59 58.19 OK
r-devel-linux-x86_64-debian-gcc 0.5.1 0.29 1.85 2.14 ERROR
r-devel-linux-x86_64-fedora-clang 0.5.1 78.04 OK
r-devel-linux-x86_64-fedora-gcc 0.5.1 85.60 OK
r-devel-windows-x86_64 0.5.1 8.00 65.00 73.00 OK
r-patched-linux-x86_64 0.5.1 9.03 51.46 60.49 OK
r-release-linux-x86_64 0.5.1 8.01 51.62 59.63 OK
r-release-macos-arm64 0.5.1 29.00 OK
r-release-macos-x86_64 0.5.1 53.00 OK
r-release-windows-x86_64 0.5.1 8.00 66.00 74.00 OK
r-oldrel-macos-arm64 0.5.1 37.00 OK
r-oldrel-macos-x86_64 0.5.1 60.00 OK
r-oldrel-windows-x86_64 0.5.1 10.00 70.00 80.00 OK

Check Details

Version: 0.5.1
Check: package dependencies
Result: ERROR Packages required but not available: 'furrr', 'httr2', 'purrr' Packages suggested but not available for checking: 'httptest2', 'testthat' See section ‘The DESCRIPTION file’ in the ‘Writing R Extensions’ manual. Flavor: r-devel-linux-x86_64-debian-gcc