CRAN Package Check Results for Package rolldown

Last updated on 2024-07-13 18:55:44 CEST.

Flavor Version Tinstall Tcheck Ttotal Status Flags
r-devel-linux-x86_64-debian-clang 0.1 3.00 36.37 39.37 NOTE
r-devel-linux-x86_64-debian-gcc 0.1 2.20 28.32 30.52 NOTE
r-devel-linux-x86_64-fedora-clang 0.1 50.47 NOTE
r-devel-linux-x86_64-fedora-gcc 0.1 60.02 NOTE
r-devel-windows-x86_64 0.1 5.00 56.00 61.00 NOTE
r-patched-linux-x86_64 0.1 5.73 34.23 39.96 NOTE
r-release-linux-x86_64 0.1 3.05 34.29 37.34 NOTE
r-release-macos-arm64 0.1 25.00 NOTE
r-release-macos-x86_64 0.1 37.00 NOTE
r-release-windows-x86_64 0.1 3.00 55.00 58.00 NOTE
r-oldrel-macos-arm64 0.1 30.00 NOTE
r-oldrel-macos-x86_64 0.1 41.00 NOTE
r-oldrel-windows-x86_64 0.1 5.00 54.00 59.00 NOTE

Check Details

Version: 0.1
Check: LazyData
Result: NOTE 'LazyData' is specified without a 'data' directory Flavors: r-devel-linux-x86_64-debian-clang, r-devel-linux-x86_64-debian-gcc, r-devel-linux-x86_64-fedora-clang, r-devel-linux-x86_64-fedora-gcc, r-devel-windows-x86_64, r-patched-linux-x86_64, r-release-linux-x86_64, r-release-macos-arm64, r-release-macos-x86_64, r-release-windows-x86_64, r-oldrel-macos-arm64, r-oldrel-macos-x86_64, r-oldrel-windows-x86_64

Version: 0.1
Check: Rd cross-references
Result: NOTE Found the following Rd file(s) with Rd \link{} targets missing package anchors: scrollama.Rd: html_document2 Please provide package anchors for all Rd \link{} targets not in the package itself and the base packages. Flavor: r-devel-windows-x86_64