CRAN Package Check Results for Package rocker

Last updated on 2024-07-24 18:54:01 CEST.

Flavor Version Tinstall Tcheck Ttotal Status Flags
r-devel-linux-x86_64-debian-clang 0.3.1 6.06 94.68 100.74 OK
r-devel-linux-x86_64-debian-gcc 0.3.1 4.35 71.53 75.88 NOTE
r-devel-linux-x86_64-fedora-clang 0.3.1 123.70 OK
r-devel-linux-x86_64-fedora-gcc 0.3.1 130.95 OK
r-devel-windows-x86_64 0.3.1 6.00 106.00 112.00 NOTE
r-patched-linux-x86_64 0.3.1 10.62 89.45 100.07 OK
r-release-linux-x86_64 0.3.1 5.34 88.91 94.25 OK
r-release-macos-arm64 0.3.1 46.00 OK
r-release-macos-x86_64 0.3.1 70.00 OK
r-release-windows-x86_64 0.3.1 6.00 104.00 110.00 OK
r-oldrel-macos-arm64 0.3.1 48.00 OK
r-oldrel-macos-x86_64 0.3.1 64.00 OK
r-oldrel-windows-x86_64 0.3.1 5.00 119.00 124.00 OK

Check Details

Version: 0.3.1
Check: Rd cross-references
Result: NOTE Found the following Rd file(s) with Rd \link{} targets missing package anchors: newDB.Rd: R6, DBI rocker-R6-class.Rd: R6, DBI rocker-S3-functions.Rd: R6, DBI Please provide package anchors for all Rd \link{} targets not in the package itself and the base packages. Flavors: r-devel-linux-x86_64-debian-gcc, r-devel-windows-x86_64