CRAN Package Check Results for Package rocTree

Last updated on 2024-07-18 18:48:20 CEST.

Flavor Version Tinstall Tcheck Ttotal Status Flags
r-devel-linux-x86_64-debian-clang 1.1.1 164.68 110.88 275.56 NOTE
r-devel-linux-x86_64-debian-gcc 1.1.1 114.52 84.14 198.66 NOTE
r-devel-linux-x86_64-fedora-clang 1.1.1 398.09 NOTE
r-devel-linux-x86_64-fedora-gcc 1.1.1 419.79 NOTE
r-devel-windows-x86_64 1.1.1 131.00 116.00 247.00 NOTE
r-patched-linux-x86_64 1.1.1 107.51 106.54 214.05 NOTE
r-release-linux-x86_64 1.1.1 110.63 108.21 218.84 NOTE
r-release-macos-arm64 1.1.1 87.00 NOTE
r-release-macos-x86_64 1.1.1 94.00 NOTE
r-release-windows-x86_64 1.1.1 131.00 115.00 246.00 NOTE
r-oldrel-macos-arm64 1.1.1 95.00 NOTE
r-oldrel-macos-x86_64 1.1.1 165.00 NOTE
r-oldrel-windows-x86_64 1.1.1 162.00 140.00 302.00 NOTE

Check Details

Version: 1.1.1
Check: C++ specification
Result: NOTE Specified C++11: please drop specification unless essential Flavors: r-devel-linux-x86_64-debian-clang, r-devel-linux-x86_64-debian-gcc, r-devel-linux-x86_64-fedora-clang, r-devel-linux-x86_64-fedora-gcc, r-devel-windows-x86_64, r-patched-linux-x86_64, r-release-linux-x86_64, r-release-macos-arm64, r-release-macos-x86_64, r-release-windows-x86_64, r-oldrel-macos-arm64, r-oldrel-macos-x86_64, r-oldrel-windows-x86_64

Version: 1.1.1
Check: installed package size
Result: NOTE installed size is 6.7Mb sub-directories of 1Mb or more: libs 6.5Mb Flavors: r-release-macos-arm64, r-release-macos-x86_64, r-oldrel-macos-arm64, r-oldrel-macos-x86_64