CRAN Package Check Results for Package rgplates

Last updated on 2024-06-12 17:57:31 CEST.

Flavor Version Tinstall Tcheck Ttotal Status Flags
r-devel-linux-x86_64-debian-clang 0.4.0 5.75 48.22 53.97 OK
r-devel-linux-x86_64-debian-gcc 0.4.0 4.71 36.16 40.87 NOTE
r-devel-linux-x86_64-fedora-clang 0.4.0 67.41 OK
r-devel-linux-x86_64-fedora-gcc 0.4.0 63.58 OK
r-devel-windows-x86_64 0.4.0 6.00 55.00 61.00 OK
r-patched-linux-x86_64 0.4.0 7.19 45.81 53.00 OK
r-release-linux-x86_64 0.4.0 5.16 46.22 51.38 OK
r-release-macos-arm64 0.4.0 23.00 OK
r-release-macos-x86_64 0.4.0 33.00 OK
r-release-windows-x86_64 0.4.0 6.00 55.00 61.00 OK
r-oldrel-macos-arm64 0.4.0 40.00 OK
r-oldrel-macos-x86_64 0.4.0 58.00 OK
r-oldrel-windows-x86_64 0.4.0 7.00 59.00 66.00 OK

Check Details

Version: 0.4.0
Check: package dependencies
Result: NOTE Package suggested but not available for checking: ‘httr2’ Flavor: r-devel-linux-x86_64-debian-gcc