CRAN Package Check Results for Package rflexscan

Last updated on 2024-07-16 07:01:49 CEST.

Flavor Version Tinstall Tcheck Ttotal Status Flags
r-devel-linux-x86_64-debian-clang 1.1.0 27.11 53.35 80.46 OK
r-devel-linux-x86_64-debian-gcc 1.1.0 20.15 40.50 60.65 OK
r-devel-linux-x86_64-fedora-clang 1.1.0 106.93 OK
r-devel-linux-x86_64-fedora-gcc 1.1.0 104.64 OK
r-devel-windows-x86_64 1.1.0 24.00 83.00 107.00 NOTE
r-patched-linux-x86_64 1.1.0 25.31 51.57 76.88 OK
r-release-linux-x86_64 1.1.0 20.26 51.79 72.05 OK
r-release-macos-arm64 1.1.0 32.00 OK
r-release-macos-x86_64 1.1.0 45.00 OK
r-release-windows-x86_64 1.1.0 22.00 84.00 106.00 OK
r-oldrel-macos-arm64 1.1.0 37.00 OK
r-oldrel-macos-x86_64 1.1.0 58.00 OK
r-oldrel-windows-x86_64 1.1.0 29.00 91.00 120.00 OK

Check Details

Version: 1.1.0
Check: Rd cross-references
Result: NOTE Found the following Rd file(s) with Rd \link{} targets missing package anchors: plot.rflexscan.Rd: plot.igraph Please provide package anchors for all Rd \link{} targets not in the package itself and the base packages. Flavor: r-devel-windows-x86_64