CRAN Package Check Results for Package replicateBE

Last updated on 2024-07-19 06:50:25 CEST.

Flavor Version Tinstall Tcheck Ttotal Status Flags
r-devel-linux-x86_64-debian-clang 1.1.3 18.14 230.35 248.49 NOTE
r-devel-linux-x86_64-debian-gcc 1.1.3 13.20 145.23 158.43 NOTE
r-devel-linux-x86_64-fedora-clang 1.1.3 302.91 NOTE
r-devel-linux-x86_64-fedora-gcc 1.1.3 280.12 NOTE
r-devel-windows-x86_64 1.1.3 14.00 144.00 158.00 NOTE
r-patched-linux-x86_64 1.1.3 16.78 203.09 219.87 NOTE
r-release-linux-x86_64 1.1.3 13.85 207.23 221.08 NOTE
r-release-macos-arm64 1.1.3 72.00 NOTE
r-release-macos-x86_64 1.1.3 121.00 NOTE
r-release-windows-x86_64 1.1.3 14.00 147.00 161.00 NOTE
r-oldrel-macos-arm64 1.1.3 84.00 OK
r-oldrel-macos-x86_64 1.1.3 135.00 OK
r-oldrel-windows-x86_64 1.1.3 18.00 184.00 202.00 OK

Check Details

Version: 1.1.3
Check: Rd files
Result: NOTE checkRd: (-1) method.A.Rd:200-205: Lost braces in \itemize; \value handles \item{}{} directly checkRd: (-1) method.A.Rd:206-211: Lost braces in \itemize; \value handles \item{}{} directly checkRd: (-1) method.A.Rd:231-236: Lost braces in \itemize; \value handles \item{}{} directly checkRd: (-1) method.A.Rd:237-242: Lost braces in \itemize; \value handles \item{}{} directly checkRd: (-1) method.B.Rd:201-206: Lost braces in \itemize; \value handles \item{}{} directly checkRd: (-1) method.B.Rd:207-212: Lost braces in \itemize; \value handles \item{}{} directly checkRd: (-1) method.B.Rd:232-237: Lost braces in \itemize; \value handles \item{}{} directly checkRd: (-1) method.B.Rd:238-243: Lost braces in \itemize; \value handles \item{}{} directly Flavors: r-devel-linux-x86_64-debian-clang, r-devel-linux-x86_64-debian-gcc, r-devel-linux-x86_64-fedora-clang, r-devel-linux-x86_64-fedora-gcc, r-devel-windows-x86_64, r-patched-linux-x86_64, r-release-linux-x86_64, r-release-macos-arm64, r-release-macos-x86_64, r-release-windows-x86_64