Last updated on 2025-01-24 20:49:20 CET.
Flavor | Version | Tinstall | Tcheck | Ttotal | Status | Flags |
---|---|---|---|---|---|---|
r-devel-linux-x86_64-debian-clang | 1.1.0 | 15.40 | 19.32 | 34.72 | OK | |
r-devel-linux-x86_64-debian-gcc | 1.1.0 | 10.41 | 16.07 | 26.48 | OK | |
r-devel-linux-x86_64-fedora-clang | 1.1.0 | 65.96 | OK | |||
r-devel-linux-x86_64-fedora-gcc | 1.1.0 | 58.39 | OK | |||
r-devel-windows-x86_64 | 1.1.0 | 55.00 | 51.00 | 106.00 | OK | |
r-patched-linux-x86_64 | 1.1.0 | 13.27 | 18.28 | 31.55 | OK | |
r-release-linux-x86_64 | 1.1.0 | 13.65 | 18.35 | 32.00 | OK | |
r-release-macos-arm64 | 1.1.0 | 31.00 | NOTE | |||
r-release-macos-x86_64 | 1.1.0 | 55.00 | NOTE | |||
r-release-windows-x86_64 | 1.1.0 | 87.00 | 55.00 | 142.00 | NOTE | |
r-oldrel-macos-arm64 | 1.1.0 | 31.00 | NOTE | |||
r-oldrel-macos-x86_64 | 1.1.0 | 57.00 | NOTE | |||
r-oldrel-windows-x86_64 | 1.1.0 | 33.00 | 66.00 | 99.00 | NOTE |
Version: 1.1.0
Check: installed package size
Result: NOTE
installed size is 30.0Mb
sub-directories of 1Mb or more:
libs 1.5Mb
redengine 28.4Mb
Flavors: r-release-macos-arm64, r-release-macos-x86_64, r-release-windows-x86_64, r-oldrel-macos-arm64, r-oldrel-macos-x86_64, r-oldrel-windows-x86_64