CRAN Package Check Results for Package readODS

Last updated on 2024-07-18 18:48:19 CEST.

Flavor Version Tinstall Tcheck Ttotal Status Flags
r-devel-linux-x86_64-debian-clang 2.3.0 28.05 56.07 84.12 OK
r-devel-linux-x86_64-debian-gcc 2.3.0 18.86 41.20 60.06 OK
r-devel-linux-x86_64-fedora-clang 2.3.0 120.34 NOTE
r-devel-linux-x86_64-fedora-gcc 2.3.0 122.43 OK
r-devel-windows-x86_64 2.3.0 29.00 83.00 112.00 NOTE
r-patched-linux-x86_64 2.3.0 29.46 52.34 81.80 OK
r-release-linux-x86_64 2.3.0 22.58 53.00 75.58 OK
r-release-macos-arm64 2.3.0 45.00 OK
r-release-macos-x86_64 2.3.0 60.00 OK
r-release-windows-x86_64 2.3.0 28.00 85.00 113.00 OK
r-oldrel-macos-arm64 2.3.0 47.00 OK
r-oldrel-macos-x86_64 2.3.0 88.00 OK
r-oldrel-windows-x86_64 2.3.0 33.00 93.00 126.00 OK

Additional issues

rchk

Check Details

Version: 2.3.0
Check: Rd cross-references
Result: NOTE Undeclared packages ‘writexl’, ‘openxlsx’ in Rd xrefs Flavor: r-devel-linux-x86_64-fedora-clang

Version: 2.3.0
Check: Rd cross-references
Result: NOTE Found the following Rd file(s) with Rd \link{} targets missing package anchors: read_ods.Rd: cellranger Please provide package anchors for all Rd \link{} targets not in the package itself and the base packages. Flavor: r-devel-windows-x86_64