CRAN Package Check Results for Package rcorpora

Last updated on 2024-07-20 18:57:40 CEST.

Flavor Version Tinstall Tcheck Ttotal Status Flags
r-devel-linux-x86_64-debian-clang 2.0.1 5.14 26.57 31.71 OK
r-devel-linux-x86_64-debian-gcc 2.0.1 3.23 20.51 23.74 OK
r-devel-linux-x86_64-fedora-clang 2.0.1 40.19 NOTE
r-devel-linux-x86_64-fedora-gcc 2.0.1 36.10 OK
r-devel-windows-x86_64 2.0.1 7.00 43.00 50.00 NOTE
r-patched-linux-x86_64 2.0.1 4.67 25.65 30.32 OK
r-release-linux-x86_64 2.0.1 4.64 26.02 30.66 OK
r-release-macos-arm64 2.0.1 29.00 NOTE
r-release-macos-x86_64 2.0.1 43.00 NOTE
r-release-windows-x86_64 2.0.1 7.00 43.00 50.00 NOTE
r-oldrel-macos-arm64 2.0.1 22.00 NOTE
r-oldrel-macos-x86_64 2.0.1 46.00 NOTE
r-oldrel-windows-x86_64 2.0.1 6.00 45.00 51.00 NOTE

Check Details

Version: 2.0.1
Check: installed package size
Result: NOTE installed size is 7.8Mb sub-directories of 1Mb or more: corpora 7.6Mb Flavors: r-devel-linux-x86_64-fedora-clang, r-devel-windows-x86_64, r-release-macos-arm64, r-release-macos-x86_64, r-release-windows-x86_64, r-oldrel-macos-arm64, r-oldrel-macos-x86_64, r-oldrel-windows-x86_64