CRAN Package Check Results for Package rb3

Last updated on 2024-07-12 18:52:32 CEST.

Flavor Version Tinstall Tcheck Ttotal Status Flags
r-devel-linux-x86_64-debian-clang 0.0.10 23.65 217.53 241.18 ERROR
r-devel-linux-x86_64-debian-gcc 0.0.10 15.55 156.14 171.69 ERROR
r-devel-linux-x86_64-fedora-clang 0.0.10 161.11 ERROR
r-devel-linux-x86_64-fedora-gcc 0.0.10 291.10 ERROR
r-devel-windows-x86_64 0.0.10 24.00 251.00 275.00 OK
r-patched-linux-x86_64 0.0.10 16.67 203.03 219.70 ERROR
r-release-linux-x86_64 0.0.10 12.75 202.49 215.24 ERROR
r-release-macos-arm64 0.0.10 155.00 OK
r-release-macos-x86_64 0.0.10 275.00 OK
r-release-windows-x86_64 0.0.10 25.00 260.00 285.00 OK
r-oldrel-macos-arm64 0.0.10 161.00 OK
r-oldrel-macos-x86_64 0.0.10 256.00 OK
r-oldrel-windows-x86_64 0.0.10 31.00 296.00 327.00 OK

Check Details

Version: 0.0.10
Check: re-building of vignette outputs
Result: ERROR Error(s) in re-building vignettes: ... --- re-building ‘B3-Indexes.Rmd’ using rmarkdown Quitting from lines 32-33 [unnamed-chunk-2] (B3-Indexes.Rmd) Error: processing vignette 'B3-Indexes.Rmd' failed with diagnostics: SSL peer certificate or SSH remote key was not OK: [sistemaswebb3-listados.b3.com.br] server certificate verification failed. CAfile: none CRLfile: none --- failed re-building ‘B3-Indexes.Rmd’ --- re-building ‘Fetching-historical-future-rates.Rmd’ using rmarkdown ** Processing: /home/hornik/tmp/R.check/r-devel-clang/Work/PKGS/rb3.Rcheck/vign_test/rb3/vignettes/Fetching-historical-future-rates_files/figure-html/unnamed-chunk-2-1.png 864x576 pixels, 3x8 bits/pixel, RGB Input IDAT size = 50089 bytes Input file size = 50239 bytes Trying: zc = 9 zm = 8 zs = 0 f = 0 IDAT size = 43255 zc = 9 zm = 8 zs = 1 f = 0 zc = 1 zm = 8 zs = 2 f = 0 zc = 9 zm = 8 zs = 3 f = 0 zc = 9 zm = 8 zs = 0 f = 5 zc = 9 zm = 8 zs = 1 f = 5 zc = 1 zm = 8 zs = 2 f = 5 zc = 9 zm = 8 zs = 3 f = 5 Selecting parameters: zc = 9 zm = 8 zs = 0 f = 0 IDAT size = 43255 Output IDAT size = 43255 bytes (6834 bytes decrease) Output file size = 43333 bytes (6906 bytes = 13.75% decrease) ** Processing: /home/hornik/tmp/R.check/r-devel-clang/Work/PKGS/rb3.Rcheck/vign_test/rb3/vignettes/Fetching-historical-future-rates_files/figure-html/unnamed-chunk-3-1.png 864x576 pixels, 3x8 bits/pixel, RGB Input IDAT size = 46754 bytes Input file size = 46892 bytes Trying: zc = 9 zm = 8 zs = 0 f = 0 IDAT size = 40724 zc = 9 zm = 8 zs = 1 f = 0 zc = 1 zm = 8 zs = 2 f = 0 zc = 9 zm = 8 zs = 3 f = 0 zc = 9 zm = 8 zs = 0 f = 5 zc = 9 zm = 8 zs = 1 f = 5 zc = 1 zm = 8 zs = 2 f = 5 zc = 9 zm = 8 zs = 3 f = 5 Selecting parameters: zc = 9 zm = 8 zs = 0 f = 0 IDAT size = 40724 Output IDAT size = 40724 bytes (6030 bytes decrease) Output file size = 40802 bytes (6090 bytes = 12.99% decrease) ** Processing: /home/hornik/tmp/R.check/r-devel-clang/Work/PKGS/rb3.Rcheck/vign_test/rb3/vignettes/Fetching-historical-future-rates_files/figure-html/unnamed-chunk-4-1.png 864x576 pixels, 8 bits/pixel, 256 colors in palette Reducing image to 8 bits/pixel, grayscale Input IDAT size = 15932 bytes Input file size = 16802 bytes Trying: zc = 9 zm = 8 zs = 0 f = 0 IDAT size = 13515 zc = 9 zm = 8 zs = 1 f = 0 zc = 1 zm = 8 zs = 2 f = 0 zc = 9 zm = 8 zs = 3 f = 0 zc = 9 zm = 8 zs = 0 f = 5 zc = 9 zm = 8 zs = 1 f = 5 zc = 1 zm = 8 zs = 2 f = 5 zc = 9 zm = 8 zs = 3 f = 5 Selecting parameters: zc = 9 zm = 8 zs = 0 f = 0 IDAT size = 13515 Output IDAT size = 13515 bytes (2417 bytes decrease) Output file size = 13593 bytes (3209 bytes = 19.10% decrease) ** Processing: /home/hornik/tmp/R.check/r-devel-clang/Work/PKGS/rb3.Rcheck/vign_test/rb3/vignettes/Fetching-historical-future-rates_files/figure-html/unnamed-chunk-6-1.png 864x576 pixels, 8 bits/pixel, 256 colors in palette Reducing image to 8 bits/pixel, grayscale Input IDAT size = 19749 bytes Input file size = 20631 bytes Trying: zc = 9 zm = 8 zs = 0 f = 0 IDAT size = 17110 zc = 9 zm = 8 zs = 1 f = 0 zc = 1 zm = 8 zs = 2 f = 0 zc = 9 zm = 8 zs = 3 f = 0 zc = 9 zm = 8 zs = 0 f = 5 zc = 9 zm = 8 zs = 1 f = 5 zc = 1 zm = 8 zs = 2 f = 5 zc = 9 zm = 8 zs = 3 f = 5 Selecting parameters: zc = 9 zm = 8 zs = 0 f = 0 IDAT size = 17110 Output IDAT size = 17110 bytes (2639 bytes decrease) Output file size = 17188 bytes (3443 bytes = 16.69% decrease) --- finished re-building ‘Fetching-historical-future-rates.Rmd’ --- re-building ‘Fetching-historical-yield-curve.Rmd’ using rmarkdown ** Processing: /home/hornik/tmp/R.check/r-devel-clang/Work/PKGS/rb3.Rcheck/vign_test/rb3/vignettes/Fetching-historical-yield-curve_files/figure-html/unnamed-chunk-3-1.png 864x576 pixels, 3x8 bits/pixel, RGB Input IDAT size = 39741 bytes Input file size = 39867 bytes Trying: zc = 9 zm = 8 zs = 0 f = 0 IDAT size = 36402 zc = 9 zm = 8 zs = 1 f = 0 zc = 1 zm = 8 zs = 2 f = 0 zc = 9 zm = 8 zs = 3 f = 0 zc = 9 zm = 8 zs = 0 f = 5 zc = 9 zm = 8 zs = 1 f = 5 zc = 1 zm = 8 zs = 2 f = 5 zc = 9 zm = 8 zs = 3 f = 5 Selecting parameters: zc = 9 zm = 8 zs = 0 f = 0 IDAT size = 36402 Output IDAT size = 36402 bytes (3339 bytes decrease) Output file size = 36480 bytes (3387 bytes = 8.50% decrease) ** Processing: /home/hornik/tmp/R.check/r-devel-clang/Work/PKGS/rb3.Rcheck/vign_test/rb3/vignettes/Fetching-historical-yield-curve_files/figure-html/unnamed-chunk-6-1.png 864x576 pixels, 3x8 bits/pixel, RGB Input IDAT size = 47947 bytes Input file size = 48085 bytes Trying: zc = 9 zm = 8 zs = 0 f = 0 IDAT size = 43858 zc = 9 zm = 8 zs = 1 f = 0 zc = 1 zm = 8 zs = 2 f = 0 zc = 9 zm = 8 zs = 3 f = 0 zc = 9 zm = 8 zs = 0 f = 5 zc = 9 zm = 8 zs = 1 f = 5 zc = 1 zm = 8 zs = 2 f = 5 zc = 9 zm = 8 zs = 3 f = 5 Selecting parameters: zc = 9 zm = 8 zs = 0 f = 0 IDAT size = 43858 Output IDAT size = 43858 bytes (4089 bytes decrease) Output file size = 43936 bytes (4149 bytes = 8.63% decrease) ** Processing: /home/hornik/tmp/R.check/r-devel-clang/Work/PKGS/rb3.Rcheck/vign_test/rb3/vignettes/Fetching-historical-yield-curve_files/figure-html/unnamed-chunk-9-1.png 864x576 pixels, 3x8 bits/pixel, RGB Input IDAT size = 44451 bytes Input file size = 44589 bytes Trying: zc = 9 zm = 8 zs = 0 f = 0 IDAT size = 39165 zc = 9 zm = 8 zs = 1 f = 0 zc = 1 zm = 8 zs = 2 f = 0 zc = 9 zm = 8 zs = 3 f = 0 zc = 9 zm = 8 zs = 0 f = 5 zc = 9 zm = 8 zs = 1 f = 5 zc = 1 zm = 8 zs = 2 f = 5 zc = 9 zm = 8 zs = 3 f = 5 Selecting parameters: zc = 9 zm = 8 zs = 0 f = 0 IDAT size = 39165 Output IDAT size = 39165 bytes (5286 bytes decrease) Output file size = 39243 bytes (5346 bytes = 11.99% decrease) --- finished re-building ‘Fetching-historical-yield-curve.Rmd’ SUMMARY: processing the following file failed: ‘B3-Indexes.Rmd’ Error: Vignette re-building failed. Execution halted Flavor: r-devel-linux-x86_64-debian-clang

Version: 0.0.10
Check: re-building of vignette outputs
Result: ERROR Error(s) in re-building vignettes: ... --- re-building ‘B3-Indexes.Rmd’ using rmarkdown Quitting from lines 32-33 [unnamed-chunk-2] (B3-Indexes.Rmd) Error: processing vignette 'B3-Indexes.Rmd' failed with diagnostics: SSL peer certificate or SSH remote key was not OK: [sistemaswebb3-listados.b3.com.br] server certificate verification failed. CAfile: none CRLfile: none --- failed re-building ‘B3-Indexes.Rmd’ --- re-building ‘Fetching-historical-future-rates.Rmd’ using rmarkdown ** Processing: /home/hornik/tmp/R.check/r-devel-gcc/Work/PKGS/rb3.Rcheck/vign_test/rb3/vignettes/Fetching-historical-future-rates_files/figure-html/unnamed-chunk-2-1.png 864x576 pixels, 3x8 bits/pixel, RGB Input IDAT size = 50113 bytes Input file size = 50263 bytes Trying: zc = 9 zm = 8 zs = 0 f = 0 IDAT size = 43193 zc = 9 zm = 8 zs = 1 f = 0 zc = 1 zm = 8 zs = 2 f = 0 zc = 9 zm = 8 zs = 3 f = 0 zc = 9 zm = 8 zs = 0 f = 5 zc = 9 zm = 8 zs = 1 f = 5 zc = 1 zm = 8 zs = 2 f = 5 zc = 9 zm = 8 zs = 3 f = 5 Selecting parameters: zc = 9 zm = 8 zs = 0 f = 0 IDAT size = 43193 Output IDAT size = 43193 bytes (6920 bytes decrease) Output file size = 43271 bytes (6992 bytes = 13.91% decrease) ** Processing: /home/hornik/tmp/R.check/r-devel-gcc/Work/PKGS/rb3.Rcheck/vign_test/rb3/vignettes/Fetching-historical-future-rates_files/figure-html/unnamed-chunk-3-1.png 864x576 pixels, 3x8 bits/pixel, RGB Input IDAT size = 46780 bytes Input file size = 46918 bytes Trying: zc = 9 zm = 8 zs = 0 f = 0 IDAT size = 40661 zc = 9 zm = 8 zs = 1 f = 0 zc = 1 zm = 8 zs = 2 f = 0 zc = 9 zm = 8 zs = 3 f = 0 zc = 9 zm = 8 zs = 0 f = 5 zc = 9 zm = 8 zs = 1 f = 5 zc = 1 zm = 8 zs = 2 f = 5 zc = 9 zm = 8 zs = 3 f = 5 Selecting parameters: zc = 9 zm = 8 zs = 0 f = 0 IDAT size = 40661 Output IDAT size = 40661 bytes (6119 bytes decrease) Output file size = 40739 bytes (6179 bytes = 13.17% decrease) ** Processing: /home/hornik/tmp/R.check/r-devel-gcc/Work/PKGS/rb3.Rcheck/vign_test/rb3/vignettes/Fetching-historical-future-rates_files/figure-html/unnamed-chunk-4-1.png 864x576 pixels, 8 bits/pixel, 256 colors in palette Reducing image to 8 bits/pixel, grayscale Input IDAT size = 15932 bytes Input file size = 16802 bytes Trying: zc = 9 zm = 8 zs = 0 f = 0 IDAT size = 13515 zc = 9 zm = 8 zs = 1 f = 0 zc = 1 zm = 8 zs = 2 f = 0 zc = 9 zm = 8 zs = 3 f = 0 zc = 9 zm = 8 zs = 0 f = 5 zc = 9 zm = 8 zs = 1 f = 5 zc = 1 zm = 8 zs = 2 f = 5 zc = 9 zm = 8 zs = 3 f = 5 Selecting parameters: zc = 9 zm = 8 zs = 0 f = 0 IDAT size = 13515 Output IDAT size = 13515 bytes (2417 bytes decrease) Output file size = 13593 bytes (3209 bytes = 19.10% decrease) ** Processing: /home/hornik/tmp/R.check/r-devel-gcc/Work/PKGS/rb3.Rcheck/vign_test/rb3/vignettes/Fetching-historical-future-rates_files/figure-html/unnamed-chunk-6-1.png 864x576 pixels, 8 bits/pixel, 256 colors in palette Reducing image to 8 bits/pixel, grayscale Input IDAT size = 19749 bytes Input file size = 20631 bytes Trying: zc = 9 zm = 8 zs = 0 f = 0 IDAT size = 17110 zc = 9 zm = 8 zs = 1 f = 0 zc = 1 zm = 8 zs = 2 f = 0 zc = 9 zm = 8 zs = 3 f = 0 zc = 9 zm = 8 zs = 0 f = 5 zc = 9 zm = 8 zs = 1 f = 5 zc = 1 zm = 8 zs = 2 f = 5 zc = 9 zm = 8 zs = 3 f = 5 Selecting parameters: zc = 9 zm = 8 zs = 0 f = 0 IDAT size = 17110 Output IDAT size = 17110 bytes (2639 bytes decrease) Output file size = 17188 bytes (3443 bytes = 16.69% decrease) --- finished re-building ‘Fetching-historical-future-rates.Rmd’ --- re-building ‘Fetching-historical-yield-curve.Rmd’ using rmarkdown ** Processing: /home/hornik/tmp/R.check/r-devel-gcc/Work/PKGS/rb3.Rcheck/vign_test/rb3/vignettes/Fetching-historical-yield-curve_files/figure-html/unnamed-chunk-3-1.png 864x576 pixels, 3x8 bits/pixel, RGB Input IDAT size = 39259 bytes Input file size = 39385 bytes Trying: zc = 9 zm = 8 zs = 0 f = 0 IDAT size = 35656 zc = 9 zm = 8 zs = 1 f = 0 zc = 1 zm = 8 zs = 2 f = 0 zc = 9 zm = 8 zs = 3 f = 0 zc = 9 zm = 8 zs = 0 f = 5 zc = 9 zm = 8 zs = 1 f = 5 zc = 1 zm = 8 zs = 2 f = 5 zc = 9 zm = 8 zs = 3 f = 5 Selecting parameters: zc = 9 zm = 8 zs = 0 f = 0 IDAT size = 35656 Output IDAT size = 35656 bytes (3603 bytes decrease) Output file size = 35734 bytes (3651 bytes = 9.27% decrease) ** Processing: /home/hornik/tmp/R.check/r-devel-gcc/Work/PKGS/rb3.Rcheck/vign_test/rb3/vignettes/Fetching-historical-yield-curve_files/figure-html/unnamed-chunk-6-1.png 864x576 pixels, 3x8 bits/pixel, RGB Input IDAT size = 47656 bytes Input file size = 47794 bytes Trying: zc = 9 zm = 8 zs = 0 f = 0 IDAT size = 42997 zc = 9 zm = 8 zs = 1 f = 0 zc = 1 zm = 8 zs = 2 f = 0 zc = 9 zm = 8 zs = 3 f = 0 zc = 9 zm = 8 zs = 0 f = 5 zc = 9 zm = 8 zs = 1 f = 5 zc = 1 zm = 8 zs = 2 f = 5 zc = 9 zm = 8 zs = 3 f = 5 Selecting parameters: zc = 9 zm = 8 zs = 0 f = 0 IDAT size = 42997 Output IDAT size = 42997 bytes (4659 bytes decrease) Output file size = 43075 bytes (4719 bytes = 9.87% decrease) ** Processing: /home/hornik/tmp/R.check/r-devel-gcc/Work/PKGS/rb3.Rcheck/vign_test/rb3/vignettes/Fetching-historical-yield-curve_files/figure-html/unnamed-chunk-9-1.png 864x576 pixels, 3x8 bits/pixel, RGB Input IDAT size = 45538 bytes Input file size = 45676 bytes Trying: zc = 9 zm = 8 zs = 0 f = 0 IDAT size = 40135 zc = 9 zm = 8 zs = 1 f = 0 zc = 1 zm = 8 zs = 2 f = 0 zc = 9 zm = 8 zs = 3 f = 0 zc = 9 zm = 8 zs = 0 f = 5 zc = 9 zm = 8 zs = 1 f = 5 zc = 1 zm = 8 zs = 2 f = 5 zc = 9 zm = 8 zs = 3 f = 5 Selecting parameters: zc = 9 zm = 8 zs = 0 f = 0 IDAT size = 40135 Output IDAT size = 40135 bytes (5403 bytes decrease) Output file size = 40213 bytes (5463 bytes = 11.96% decrease) --- finished re-building ‘Fetching-historical-yield-curve.Rmd’ SUMMARY: processing the following file failed: ‘B3-Indexes.Rmd’ Error: Vignette re-building failed. Execution halted Flavor: r-devel-linux-x86_64-debian-gcc

Version: 0.0.10
Check: re-building of vignette outputs
Result: ERROR Error(s) in re-building vignettes: --- re-building ‘B3-Indexes.Rmd’ using rmarkdown Quitting from lines 32-33 [unnamed-chunk-2] (B3-Indexes.Rmd) Error: processing vignette 'B3-Indexes.Rmd' failed with diagnostics: SSL peer certificate or SSH remote key was not OK: [sistemaswebb3-listados.b3.com.br] SSL certificate problem: unable to get local issuer certificate --- failed re-building ‘B3-Indexes.Rmd’ --- re-building ‘Fetching-historical-future-rates.Rmd’ using rmarkdown ** Processing: /data/gannet/ripley/R/packages/tests-clang/rb3.Rcheck/vign_test/rb3/vignettes/Fetching-historical-future-rates_files/figure-html/unnamed-chunk-2-1.png 864x576 pixels, 3x8 bits/pixel, RGB Input IDAT size = 49982 bytes Input file size = 50132 bytes Trying: zc = 9 zm = 8 zs = 0 f = 0 IDAT size = 43152 zc = 9 zm = 8 zs = 1 f = 0 zc = 1 zm = 8 zs = 2 f = 0 zc = 9 zm = 8 zs = 3 f = 0 zc = 9 zm = 8 zs = 0 f = 5 zc = 9 zm = 8 zs = 1 f = 5 zc = 1 zm = 8 zs = 2 f = 5 zc = 9 zm = 8 zs = 3 f = 5 Selecting parameters: zc = 9 zm = 8 zs = 0 f = 0 IDAT size = 43152 Output IDAT size = 43152 bytes (6830 bytes decrease) Output file size = 43230 bytes (6902 bytes = 13.77% decrease) ** Processing: /data/gannet/ripley/R/packages/tests-clang/rb3.Rcheck/vign_test/rb3/vignettes/Fetching-historical-future-rates_files/figure-html/unnamed-chunk-3-1.png 864x576 pixels, 3x8 bits/pixel, RGB Input IDAT size = 46646 bytes Input file size = 46784 bytes Trying: zc = 9 zm = 8 zs = 0 f = 0 IDAT size = 40623 zc = 9 zm = 8 zs = 1 f = 0 zc = 1 zm = 8 zs = 2 f = 0 zc = 9 zm = 8 zs = 3 f = 0 zc = 9 zm = 8 zs = 0 f = 5 zc = 9 zm = 8 zs = 1 f = 5 zc = 1 zm = 8 zs = 2 f = 5 zc = 9 zm = 8 zs = 3 f = 5 Selecting parameters: zc = 9 zm = 8 zs = 0 f = 0 IDAT size = 40623 Output IDAT size = 40623 bytes (6023 bytes decrease) Output file size = 40701 bytes (6083 bytes = 13.00% decrease) ** Processing: /data/gannet/ripley/R/packages/tests-clang/rb3.Rcheck/vign_test/rb3/vignettes/Fetching-historical-future-rates_files/figure-html/unnamed-chunk-4-1.png 864x576 pixels, 8 bits/pixel, 256 colors in palette Reducing image to 8 bits/pixel, grayscale Input IDAT size = 15932 bytes Input file size = 16802 bytes Trying: zc = 9 zm = 8 zs = 0 f = 0 IDAT size = 13515 zc = 9 zm = 8 zs = 1 f = 0 zc = 1 zm = 8 zs = 2 f = 0 zc = 9 zm = 8 zs = 3 f = 0 zc = 9 zm = 8 zs = 0 f = 5 zc = 9 zm = 8 zs = 1 f = 5 zc = 1 zm = 8 zs = 2 f = 5 zc = 9 zm = 8 zs = 3 f = 5 Selecting parameters: zc = 9 zm = 8 zs = 0 f = 0 IDAT size = 13515 Output IDAT size = 13515 bytes (2417 bytes decrease) Output file size = 13593 bytes (3209 bytes = 19.10% decrease) ** Processing: /data/gannet/ripley/R/packages/tests-clang/rb3.Rcheck/vign_test/rb3/vignettes/Fetching-historical-future-rates_files/figure-html/unnamed-chunk-6-1.png 864x576 pixels, 8 bits/pixel, 256 colors in palette Reducing image to 8 bits/pixel, grayscale Input IDAT size = 19749 bytes Input file size = 20631 bytes Trying: zc = 9 zm = 8 zs = 0 f = 0 IDAT size = 17112 zc = 9 zm = 8 zs = 1 f = 0 zc = 1 zm = 8 zs = 2 f = 0 zc = 9 zm = 8 zs = 3 f = 0 zc = 9 zm = 8 zs = 0 f = 5 zc = 9 zm = 8 zs = 1 f = 5 zc = 1 zm = 8 zs = 2 f = 5 zc = 9 zm = 8 zs = 3 f = 5 Selecting parameters: zc = 9 zm = 8 zs = 0 f = 0 IDAT size = 17112 Output IDAT size = 17112 bytes (2637 bytes decrease) Output file size = 17190 bytes (3441 bytes = 16.68% decrease) --- finished re-building ‘Fetching-historical-future-rates.Rmd’ --- re-building ‘Fetching-historical-yield-curve.Rmd’ using rmarkdown ** Processing: /data/gannet/ripley/R/packages/tests-clang/rb3.Rcheck/vign_test/rb3/vignettes/Fetching-historical-yield-curve_files/figure-html/unnamed-chunk-3-1.png 864x576 pixels, 3x8 bits/pixel, RGB Input IDAT size = 38866 bytes Input file size = 38992 bytes Trying: zc = 9 zm = 8 zs = 0 f = 0 IDAT size = 35718 zc = 9 zm = 8 zs = 1 f = 0 zc = 1 zm = 8 zs = 2 f = 0 zc = 9 zm = 8 zs = 3 f = 0 zc = 9 zm = 8 zs = 0 f = 5 zc = 9 zm = 8 zs = 1 f = 5 zc = 1 zm = 8 zs = 2 f = 5 zc = 9 zm = 8 zs = 3 f = 5 Selecting parameters: zc = 9 zm = 8 zs = 0 f = 0 IDAT size = 35718 Output IDAT size = 35718 bytes (3148 bytes decrease) Output file size = 35796 bytes (3196 bytes = 8.20% decrease) ** Processing: /data/gannet/ripley/R/packages/tests-clang/rb3.Rcheck/vign_test/rb3/vignettes/Fetching-historical-yield-curve_files/figure-html/unnamed-chunk-6-1.png 864x576 pixels, 3x8 bits/pixel, RGB Input IDAT size = 47615 bytes Input file size = 47753 bytes Trying: zc = 9 zm = 8 zs = 0 f = 0 IDAT size = 43858 zc = 9 zm = 8 zs = 1 f = 0 zc = 1 zm = 8 zs = 2 f = 0 zc = 9 zm = 8 zs = 3 f = 0 zc = 9 zm = 8 zs = 0 f = 5 zc = 9 zm = 8 zs = 1 f = 5 zc = 1 zm = 8 zs = 2 f = 5 zc = 9 zm = 8 zs = 3 f = 5 Selecting parameters: zc = 9 zm = 8 zs = 0 f = 0 IDAT size = 43858 Output IDAT size = 43858 bytes (3757 bytes decrease) Output file size = 43936 bytes (3817 bytes = 7.99% decrease) ** Processing: /data/gannet/ripley/R/packages/tests-clang/rb3.Rcheck/vign_test/rb3/vignettes/Fetching-historical-yield-curve_files/figure-html/unnamed-chunk-9-1.png 864x576 pixels, 3x8 bits/pixel, RGB Input IDAT size = 44730 bytes Input file size = 44868 bytes Trying: zc = 9 zm = 8 zs = 0 f = 0 IDAT size = 39434 zc = 9 zm = 8 zs = 1 f = 0 zc = 1 zm = 8 zs = 2 f = 0 zc = 9 zm = 8 zs = 3 f = 0 zc = 9 zm = 8 zs = 0 f = 5 zc = 9 zm = 8 zs = 1 f = 5 zc = 1 zm = 8 zs = 2 f = 5 zc = 9 zm = 8 zs = 3 f = 5 Selecting parameters: zc = 9 zm = 8 zs = 0 f = 0 IDAT size = 39434 Output IDAT size = 39434 bytes (5296 bytes decrease) Output file size = 39512 bytes (5356 bytes = 11.94% decrease) --- finished re-building ‘Fetching-historical-yield-curve.Rmd’ SUMMARY: processing the following file failed: ‘B3-Indexes.Rmd’ Error: Vignette re-building failed. Execution halted Flavor: r-devel-linux-x86_64-fedora-clang

Version: 0.0.10
Check: re-building of vignette outputs
Result: ERROR Error(s) in re-building vignettes: --- re-building ‘B3-Indexes.Rmd’ using rmarkdown Quitting from lines 32-33 [unnamed-chunk-2] (B3-Indexes.Rmd) Error: processing vignette 'B3-Indexes.Rmd' failed with diagnostics: SSL peer certificate or SSH remote key was not OK: [sistemaswebb3-listados.b3.com.br] SSL certificate problem: unable to get local issuer certificate --- failed re-building ‘B3-Indexes.Rmd’ --- re-building ‘Fetching-historical-future-rates.Rmd’ using rmarkdown ** Processing: /data/gannet/ripley/R/packages/tests-devel/rb3.Rcheck/vign_test/rb3/vignettes/Fetching-historical-future-rates_files/figure-html/unnamed-chunk-2-1.png 864x576 pixels, 3x8 bits/pixel, RGB Input IDAT size = 49967 bytes Input file size = 50117 bytes Trying: zc = 9 zm = 8 zs = 0 f = 0 IDAT size = 43128 zc = 9 zm = 8 zs = 1 f = 0 zc = 1 zm = 8 zs = 2 f = 0 zc = 9 zm = 8 zs = 3 f = 0 zc = 9 zm = 8 zs = 0 f = 5 zc = 9 zm = 8 zs = 1 f = 5 zc = 1 zm = 8 zs = 2 f = 5 zc = 9 zm = 8 zs = 3 f = 5 Selecting parameters: zc = 9 zm = 8 zs = 0 f = 0 IDAT size = 43128 Output IDAT size = 43128 bytes (6839 bytes decrease) Output file size = 43206 bytes (6911 bytes = 13.79% decrease) ** Processing: /data/gannet/ripley/R/packages/tests-devel/rb3.Rcheck/vign_test/rb3/vignettes/Fetching-historical-future-rates_files/figure-html/unnamed-chunk-3-1.png 864x576 pixels, 3x8 bits/pixel, RGB Input IDAT size = 46634 bytes Input file size = 46772 bytes Trying: zc = 9 zm = 8 zs = 0 f = 0 IDAT size = 40599 zc = 9 zm = 8 zs = 1 f = 0 zc = 1 zm = 8 zs = 2 f = 0 zc = 9 zm = 8 zs = 3 f = 0 zc = 9 zm = 8 zs = 0 f = 5 zc = 9 zm = 8 zs = 1 f = 5 zc = 1 zm = 8 zs = 2 f = 5 zc = 9 zm = 8 zs = 3 f = 5 Selecting parameters: zc = 9 zm = 8 zs = 0 f = 0 IDAT size = 40599 Output IDAT size = 40599 bytes (6035 bytes decrease) Output file size = 40677 bytes (6095 bytes = 13.03% decrease) ** Processing: /data/gannet/ripley/R/packages/tests-devel/rb3.Rcheck/vign_test/rb3/vignettes/Fetching-historical-future-rates_files/figure-html/unnamed-chunk-4-1.png 864x576 pixels, 8 bits/pixel, 256 colors in palette Reducing image to 8 bits/pixel, grayscale Input IDAT size = 15932 bytes Input file size = 16802 bytes Trying: zc = 9 zm = 8 zs = 0 f = 0 IDAT size = 13515 zc = 9 zm = 8 zs = 1 f = 0 zc = 1 zm = 8 zs = 2 f = 0 zc = 9 zm = 8 zs = 3 f = 0 zc = 9 zm = 8 zs = 0 f = 5 zc = 9 zm = 8 zs = 1 f = 5 zc = 1 zm = 8 zs = 2 f = 5 zc = 9 zm = 8 zs = 3 f = 5 Selecting parameters: zc = 9 zm = 8 zs = 0 f = 0 IDAT size = 13515 Output IDAT size = 13515 bytes (2417 bytes decrease) Output file size = 13593 bytes (3209 bytes = 19.10% decrease) ** Processing: /data/gannet/ripley/R/packages/tests-devel/rb3.Rcheck/vign_test/rb3/vignettes/Fetching-historical-future-rates_files/figure-html/unnamed-chunk-6-1.png 864x576 pixels, 8 bits/pixel, 256 colors in palette Reducing image to 8 bits/pixel, grayscale Input IDAT size = 19749 bytes Input file size = 20631 bytes Trying: zc = 9 zm = 8 zs = 0 f = 0 IDAT size = 17112 zc = 9 zm = 8 zs = 1 f = 0 zc = 1 zm = 8 zs = 2 f = 0 zc = 9 zm = 8 zs = 3 f = 0 zc = 9 zm = 8 zs = 0 f = 5 zc = 9 zm = 8 zs = 1 f = 5 zc = 1 zm = 8 zs = 2 f = 5 zc = 9 zm = 8 zs = 3 f = 5 Selecting parameters: zc = 9 zm = 8 zs = 0 f = 0 IDAT size = 17112 Output IDAT size = 17112 bytes (2637 bytes decrease) Output file size = 17190 bytes (3441 bytes = 16.68% decrease) --- finished re-building ‘Fetching-historical-future-rates.Rmd’ --- re-building ‘Fetching-historical-yield-curve.Rmd’ using rmarkdown ** Processing: /data/gannet/ripley/R/packages/tests-devel/rb3.Rcheck/vign_test/rb3/vignettes/Fetching-historical-yield-curve_files/figure-html/unnamed-chunk-3-1.png 864x576 pixels, 3x8 bits/pixel, RGB Input IDAT size = 39619 bytes Input file size = 39745 bytes Trying: zc = 9 zm = 8 zs = 0 f = 0 IDAT size = 36277 zc = 9 zm = 8 zs = 1 f = 0 zc = 1 zm = 8 zs = 2 f = 0 zc = 9 zm = 8 zs = 3 f = 0 zc = 9 zm = 8 zs = 0 f = 5 zc = 9 zm = 8 zs = 1 f = 5 zc = 1 zm = 8 zs = 2 f = 5 zc = 9 zm = 8 zs = 3 f = 5 Selecting parameters: zc = 9 zm = 8 zs = 0 f = 0 IDAT size = 36277 Output IDAT size = 36277 bytes (3342 bytes decrease) Output file size = 36355 bytes (3390 bytes = 8.53% decrease) ** Processing: /data/gannet/ripley/R/packages/tests-devel/rb3.Rcheck/vign_test/rb3/vignettes/Fetching-historical-yield-curve_files/figure-html/unnamed-chunk-6-1.png 864x576 pixels, 3x8 bits/pixel, RGB Input IDAT size = 47760 bytes Input file size = 47898 bytes Trying: zc = 9 zm = 8 zs = 0 f = 0 IDAT size = 43751 zc = 9 zm = 8 zs = 1 f = 0 zc = 1 zm = 8 zs = 2 f = 0 zc = 9 zm = 8 zs = 3 f = 0 zc = 9 zm = 8 zs = 0 f = 5 zc = 9 zm = 8 zs = 1 f = 5 zc = 1 zm = 8 zs = 2 f = 5 zc = 9 zm = 8 zs = 3 f = 5 Selecting parameters: zc = 9 zm = 8 zs = 0 f = 0 IDAT size = 43751 Output IDAT size = 43751 bytes (4009 bytes decrease) Output file size = 43829 bytes (4069 bytes = 8.50% decrease) ** Processing: /data/gannet/ripley/R/packages/tests-devel/rb3.Rcheck/vign_test/rb3/vignettes/Fetching-historical-yield-curve_files/figure-html/unnamed-chunk-9-1.png 864x576 pixels, 3x8 bits/pixel, RGB Input IDAT size = 44300 bytes Input file size = 44438 bytes Trying: zc = 9 zm = 8 zs = 0 f = 0 IDAT size = 39045 zc = 9 zm = 8 zs = 1 f = 0 zc = 1 zm = 8 zs = 2 f = 0 zc = 9 zm = 8 zs = 3 f = 0 zc = 9 zm = 8 zs = 0 f = 5 zc = 9 zm = 8 zs = 1 f = 5 zc = 1 zm = 8 zs = 2 f = 5 zc = 9 zm = 8 zs = 3 f = 5 Selecting parameters: zc = 9 zm = 8 zs = 0 f = 0 IDAT size = 39045 Output IDAT size = 39045 bytes (5255 bytes decrease) Output file size = 39123 bytes (5315 bytes = 11.96% decrease) --- finished re-building ‘Fetching-historical-yield-curve.Rmd’ SUMMARY: processing the following file failed: ‘B3-Indexes.Rmd’ Error: Vignette re-building failed. Execution halted Flavor: r-devel-linux-x86_64-fedora-gcc

Version: 0.0.10
Check: re-building of vignette outputs
Result: ERROR Error(s) in re-building vignettes: ... --- re-building ‘B3-Indexes.Rmd’ using rmarkdown Quitting from lines 32-33 [unnamed-chunk-2] (B3-Indexes.Rmd) Error: processing vignette 'B3-Indexes.Rmd' failed with diagnostics: SSL peer certificate or SSH remote key was not OK: [sistemaswebb3-listados.b3.com.br] server certificate verification failed. CAfile: none CRLfile: none --- failed re-building ‘B3-Indexes.Rmd’ --- re-building ‘Fetching-historical-future-rates.Rmd’ using rmarkdown ** Processing: /home/hornik/tmp/R.check/r-patched-gcc/Work/PKGS/rb3.Rcheck/vign_test/rb3/vignettes/Fetching-historical-future-rates_files/figure-html/unnamed-chunk-2-1.png 864x576 pixels, 3x8 bits/pixel, RGB Input IDAT size = 50003 bytes Input file size = 50153 bytes Trying: zc = 9 zm = 8 zs = 0 f = 0 IDAT size = 43165 zc = 9 zm = 8 zs = 1 f = 0 zc = 1 zm = 8 zs = 2 f = 0 zc = 9 zm = 8 zs = 3 f = 0 zc = 9 zm = 8 zs = 0 f = 5 zc = 9 zm = 8 zs = 1 f = 5 zc = 1 zm = 8 zs = 2 f = 5 zc = 9 zm = 8 zs = 3 f = 5 Selecting parameters: zc = 9 zm = 8 zs = 0 f = 0 IDAT size = 43165 Output IDAT size = 43165 bytes (6838 bytes decrease) Output file size = 43243 bytes (6910 bytes = 13.78% decrease) ** Processing: /home/hornik/tmp/R.check/r-patched-gcc/Work/PKGS/rb3.Rcheck/vign_test/rb3/vignettes/Fetching-historical-future-rates_files/figure-html/unnamed-chunk-3-1.png 864x576 pixels, 3x8 bits/pixel, RGB Input IDAT size = 46668 bytes Input file size = 46806 bytes Trying: zc = 9 zm = 8 zs = 0 f = 0 IDAT size = 40633 zc = 9 zm = 8 zs = 1 f = 0 zc = 1 zm = 8 zs = 2 f = 0 zc = 9 zm = 8 zs = 3 f = 0 zc = 9 zm = 8 zs = 0 f = 5 zc = 9 zm = 8 zs = 1 f = 5 zc = 1 zm = 8 zs = 2 f = 5 zc = 9 zm = 8 zs = 3 f = 5 Selecting parameters: zc = 9 zm = 8 zs = 0 f = 0 IDAT size = 40633 Output IDAT size = 40633 bytes (6035 bytes decrease) Output file size = 40711 bytes (6095 bytes = 13.02% decrease) ** Processing: /home/hornik/tmp/R.check/r-patched-gcc/Work/PKGS/rb3.Rcheck/vign_test/rb3/vignettes/Fetching-historical-future-rates_files/figure-html/unnamed-chunk-4-1.png 864x576 pixels, 8 bits/pixel, 256 colors in palette Reducing image to 8 bits/pixel, grayscale Input IDAT size = 15932 bytes Input file size = 16802 bytes Trying: zc = 9 zm = 8 zs = 0 f = 0 IDAT size = 13515 zc = 9 zm = 8 zs = 1 f = 0 zc = 1 zm = 8 zs = 2 f = 0 zc = 9 zm = 8 zs = 3 f = 0 zc = 9 zm = 8 zs = 0 f = 5 zc = 9 zm = 8 zs = 1 f = 5 zc = 1 zm = 8 zs = 2 f = 5 zc = 9 zm = 8 zs = 3 f = 5 Selecting parameters: zc = 9 zm = 8 zs = 0 f = 0 IDAT size = 13515 Output IDAT size = 13515 bytes (2417 bytes decrease) Output file size = 13593 bytes (3209 bytes = 19.10% decrease) ** Processing: /home/hornik/tmp/R.check/r-patched-gcc/Work/PKGS/rb3.Rcheck/vign_test/rb3/vignettes/Fetching-historical-future-rates_files/figure-html/unnamed-chunk-6-1.png 864x576 pixels, 8 bits/pixel, 256 colors in palette Reducing image to 8 bits/pixel, grayscale Input IDAT size = 19749 bytes Input file size = 20631 bytes Trying: zc = 9 zm = 8 zs = 0 f = 0 IDAT size = 17110 zc = 9 zm = 8 zs = 1 f = 0 zc = 1 zm = 8 zs = 2 f = 0 zc = 9 zm = 8 zs = 3 f = 0 zc = 9 zm = 8 zs = 0 f = 5 zc = 9 zm = 8 zs = 1 f = 5 zc = 1 zm = 8 zs = 2 f = 5 zc = 9 zm = 8 zs = 3 f = 5 Selecting parameters: zc = 9 zm = 8 zs = 0 f = 0 IDAT size = 17110 Output IDAT size = 17110 bytes (2639 bytes decrease) Output file size = 17188 bytes (3443 bytes = 16.69% decrease) --- finished re-building ‘Fetching-historical-future-rates.Rmd’ --- re-building ‘Fetching-historical-yield-curve.Rmd’ using rmarkdown ** Processing: /home/hornik/tmp/R.check/r-patched-gcc/Work/PKGS/rb3.Rcheck/vign_test/rb3/vignettes/Fetching-historical-yield-curve_files/figure-html/unnamed-chunk-3-1.png 864x576 pixels, 3x8 bits/pixel, RGB Input IDAT size = 40672 bytes Input file size = 40798 bytes Trying: zc = 9 zm = 8 zs = 0 f = 0 IDAT size = 37335 zc = 9 zm = 8 zs = 1 f = 0 zc = 1 zm = 8 zs = 2 f = 0 zc = 9 zm = 8 zs = 3 f = 0 zc = 9 zm = 8 zs = 0 f = 5 zc = 9 zm = 8 zs = 1 f = 5 zc = 1 zm = 8 zs = 2 f = 5 zc = 9 zm = 8 zs = 3 f = 5 Selecting parameters: zc = 9 zm = 8 zs = 0 f = 0 IDAT size = 37335 Output IDAT size = 37335 bytes (3337 bytes decrease) Output file size = 37413 bytes (3385 bytes = 8.30% decrease) ** Processing: /home/hornik/tmp/R.check/r-patched-gcc/Work/PKGS/rb3.Rcheck/vign_test/rb3/vignettes/Fetching-historical-yield-curve_files/figure-html/unnamed-chunk-6-1.png 864x576 pixels, 3x8 bits/pixel, RGB Input IDAT size = 46545 bytes Input file size = 46683 bytes Trying: zc = 9 zm = 8 zs = 0 f = 0 IDAT size = 42451 zc = 9 zm = 8 zs = 1 f = 0 zc = 1 zm = 8 zs = 2 f = 0 zc = 9 zm = 8 zs = 3 f = 0 zc = 9 zm = 8 zs = 0 f = 5 zc = 9 zm = 8 zs = 1 f = 5 zc = 1 zm = 8 zs = 2 f = 5 zc = 9 zm = 8 zs = 3 f = 5 Selecting parameters: zc = 9 zm = 8 zs = 0 f = 0 IDAT size = 42451 Output IDAT size = 42451 bytes (4094 bytes decrease) Output file size = 42529 bytes (4154 bytes = 8.90% decrease) ** Processing: /home/hornik/tmp/R.check/r-patched-gcc/Work/PKGS/rb3.Rcheck/vign_test/rb3/vignettes/Fetching-historical-yield-curve_files/figure-html/unnamed-chunk-9-1.png 864x576 pixels, 3x8 bits/pixel, RGB Input IDAT size = 44234 bytes Input file size = 44372 bytes Trying: zc = 9 zm = 8 zs = 0 f = 0 IDAT size = 39210 zc = 9 zm = 8 zs = 1 f = 0 zc = 1 zm = 8 zs = 2 f = 0 zc = 9 zm = 8 zs = 3 f = 0 zc = 9 zm = 8 zs = 0 f = 5 zc = 9 zm = 8 zs = 1 f = 5 zc = 1 zm = 8 zs = 2 f = 5 zc = 9 zm = 8 zs = 3 f = 5 Selecting parameters: zc = 9 zm = 8 zs = 0 f = 0 IDAT size = 39210 Output IDAT size = 39210 bytes (5024 bytes decrease) Output file size = 39288 bytes (5084 bytes = 11.46% decrease) --- finished re-building ‘Fetching-historical-yield-curve.Rmd’ SUMMARY: processing the following file failed: ‘B3-Indexes.Rmd’ Error: Vignette re-building failed. Execution halted Flavor: r-patched-linux-x86_64

Version: 0.0.10
Check: re-building of vignette outputs
Result: ERROR Error(s) in re-building vignettes: ... --- re-building ‘B3-Indexes.Rmd’ using rmarkdown Quitting from lines 32-33 [unnamed-chunk-2] (B3-Indexes.Rmd) Error: processing vignette 'B3-Indexes.Rmd' failed with diagnostics: SSL peer certificate or SSH remote key was not OK: [sistemaswebb3-listados.b3.com.br] server certificate verification failed. CAfile: none CRLfile: none --- failed re-building ‘B3-Indexes.Rmd’ --- re-building ‘Fetching-historical-future-rates.Rmd’ using rmarkdown ** Processing: /home/hornik/tmp/R.check/r-release-gcc/Work/PKGS/rb3.Rcheck/vign_test/rb3/vignettes/Fetching-historical-future-rates_files/figure-html/unnamed-chunk-2-1.png 864x576 pixels, 3x8 bits/pixel, RGB Input IDAT size = 49967 bytes Input file size = 50117 bytes Trying: zc = 9 zm = 8 zs = 0 f = 0 IDAT size = 43128 zc = 9 zm = 8 zs = 1 f = 0 zc = 1 zm = 8 zs = 2 f = 0 zc = 9 zm = 8 zs = 3 f = 0 zc = 9 zm = 8 zs = 0 f = 5 zc = 9 zm = 8 zs = 1 f = 5 zc = 1 zm = 8 zs = 2 f = 5 zc = 9 zm = 8 zs = 3 f = 5 Selecting parameters: zc = 9 zm = 8 zs = 0 f = 0 IDAT size = 43128 Output IDAT size = 43128 bytes (6839 bytes decrease) Output file size = 43206 bytes (6911 bytes = 13.79% decrease) ** Processing: /home/hornik/tmp/R.check/r-release-gcc/Work/PKGS/rb3.Rcheck/vign_test/rb3/vignettes/Fetching-historical-future-rates_files/figure-html/unnamed-chunk-3-1.png 864x576 pixels, 3x8 bits/pixel, RGB Input IDAT size = 46634 bytes Input file size = 46772 bytes Trying: zc = 9 zm = 8 zs = 0 f = 0 IDAT size = 40599 zc = 9 zm = 8 zs = 1 f = 0 zc = 1 zm = 8 zs = 2 f = 0 zc = 9 zm = 8 zs = 3 f = 0 zc = 9 zm = 8 zs = 0 f = 5 zc = 9 zm = 8 zs = 1 f = 5 zc = 1 zm = 8 zs = 2 f = 5 zc = 9 zm = 8 zs = 3 f = 5 Selecting parameters: zc = 9 zm = 8 zs = 0 f = 0 IDAT size = 40599 Output IDAT size = 40599 bytes (6035 bytes decrease) Output file size = 40677 bytes (6095 bytes = 13.03% decrease) ** Processing: /home/hornik/tmp/R.check/r-release-gcc/Work/PKGS/rb3.Rcheck/vign_test/rb3/vignettes/Fetching-historical-future-rates_files/figure-html/unnamed-chunk-4-1.png 864x576 pixels, 8 bits/pixel, 256 colors in palette Reducing image to 8 bits/pixel, grayscale Input IDAT size = 15932 bytes Input file size = 16802 bytes Trying: zc = 9 zm = 8 zs = 0 f = 0 IDAT size = 13515 zc = 9 zm = 8 zs = 1 f = 0 zc = 1 zm = 8 zs = 2 f = 0 zc = 9 zm = 8 zs = 3 f = 0 zc = 9 zm = 8 zs = 0 f = 5 zc = 9 zm = 8 zs = 1 f = 5 zc = 1 zm = 8 zs = 2 f = 5 zc = 9 zm = 8 zs = 3 f = 5 Selecting parameters: zc = 9 zm = 8 zs = 0 f = 0 IDAT size = 13515 Output IDAT size = 13515 bytes (2417 bytes decrease) Output file size = 13593 bytes (3209 bytes = 19.10% decrease) ** Processing: /home/hornik/tmp/R.check/r-release-gcc/Work/PKGS/rb3.Rcheck/vign_test/rb3/vignettes/Fetching-historical-future-rates_files/figure-html/unnamed-chunk-6-1.png 864x576 pixels, 8 bits/pixel, 256 colors in palette Reducing image to 8 bits/pixel, grayscale Input IDAT size = 19749 bytes Input file size = 20631 bytes Trying: zc = 9 zm = 8 zs = 0 f = 0 IDAT size = 17110 zc = 9 zm = 8 zs = 1 f = 0 zc = 1 zm = 8 zs = 2 f = 0 zc = 9 zm = 8 zs = 3 f = 0 zc = 9 zm = 8 zs = 0 f = 5 zc = 9 zm = 8 zs = 1 f = 5 zc = 1 zm = 8 zs = 2 f = 5 zc = 9 zm = 8 zs = 3 f = 5 Selecting parameters: zc = 9 zm = 8 zs = 0 f = 0 IDAT size = 17110 Output IDAT size = 17110 bytes (2639 bytes decrease) Output file size = 17188 bytes (3443 bytes = 16.69% decrease) --- finished re-building ‘Fetching-historical-future-rates.Rmd’ --- re-building ‘Fetching-historical-yield-curve.Rmd’ using rmarkdown ** Processing: /home/hornik/tmp/R.check/r-release-gcc/Work/PKGS/rb3.Rcheck/vign_test/rb3/vignettes/Fetching-historical-yield-curve_files/figure-html/unnamed-chunk-3-1.png 864x576 pixels, 3x8 bits/pixel, RGB Input IDAT size = 39590 bytes Input file size = 39716 bytes Trying: zc = 9 zm = 8 zs = 0 f = 0 IDAT size = 36286 zc = 9 zm = 8 zs = 1 f = 0 zc = 1 zm = 8 zs = 2 f = 0 zc = 9 zm = 8 zs = 3 f = 0 zc = 9 zm = 8 zs = 0 f = 5 zc = 9 zm = 8 zs = 1 f = 5 zc = 1 zm = 8 zs = 2 f = 5 zc = 9 zm = 8 zs = 3 f = 5 Selecting parameters: zc = 9 zm = 8 zs = 0 f = 0 IDAT size = 36286 Output IDAT size = 36286 bytes (3304 bytes decrease) Output file size = 36364 bytes (3352 bytes = 8.44% decrease) ** Processing: /home/hornik/tmp/R.check/r-release-gcc/Work/PKGS/rb3.Rcheck/vign_test/rb3/vignettes/Fetching-historical-yield-curve_files/figure-html/unnamed-chunk-6-1.png 864x576 pixels, 3x8 bits/pixel, RGB Input IDAT size = 47789 bytes Input file size = 47927 bytes Trying: zc = 9 zm = 8 zs = 0 f = 0 IDAT size = 43739 zc = 9 zm = 8 zs = 1 f = 0 zc = 1 zm = 8 zs = 2 f = 0 zc = 9 zm = 8 zs = 3 f = 0 zc = 9 zm = 8 zs = 0 f = 5 zc = 9 zm = 8 zs = 1 f = 5 zc = 1 zm = 8 zs = 2 f = 5 zc = 9 zm = 8 zs = 3 f = 5 Selecting parameters: zc = 9 zm = 8 zs = 0 f = 0 IDAT size = 43739 Output IDAT size = 43739 bytes (4050 bytes decrease) Output file size = 43817 bytes (4110 bytes = 8.58% decrease) ** Processing: /home/hornik/tmp/R.check/r-release-gcc/Work/PKGS/rb3.Rcheck/vign_test/rb3/vignettes/Fetching-historical-yield-curve_files/figure-html/unnamed-chunk-9-1.png 864x576 pixels, 3x8 bits/pixel, RGB Input IDAT size = 44299 bytes Input file size = 44437 bytes Trying: zc = 9 zm = 8 zs = 0 f = 0 IDAT size = 39039 zc = 9 zm = 8 zs = 1 f = 0 zc = 1 zm = 8 zs = 2 f = 0 zc = 9 zm = 8 zs = 3 f = 0 zc = 9 zm = 8 zs = 0 f = 5 zc = 9 zm = 8 zs = 1 f = 5 zc = 1 zm = 8 zs = 2 f = 5 zc = 9 zm = 8 zs = 3 f = 5 Selecting parameters: zc = 9 zm = 8 zs = 0 f = 0 IDAT size = 39039 Output IDAT size = 39039 bytes (5260 bytes decrease) Output file size = 39117 bytes (5320 bytes = 11.97% decrease) --- finished re-building ‘Fetching-historical-yield-curve.Rmd’ SUMMARY: processing the following file failed: ‘B3-Indexes.Rmd’ Error: Vignette re-building failed. Execution halted Flavor: r-release-linux-x86_64