CRAN Package Check Results for Package rasterpdf

Last updated on 2024-07-18 18:48:19 CEST.

Flavor Version Tinstall Tcheck Ttotal Status Flags
r-devel-linux-x86_64-debian-clang 0.1.1 1.97 26.02 27.99 NOTE
r-devel-linux-x86_64-debian-gcc 0.1.1 1.52 19.71 21.23 NOTE
r-devel-linux-x86_64-fedora-clang 0.1.1 36.05 NOTE
r-devel-linux-x86_64-fedora-gcc 0.1.1 33.11 NOTE
r-devel-windows-x86_64 0.1.1 3.00 42.00 45.00 NOTE
r-patched-linux-x86_64 0.1.1 1.95 24.05 26.00 NOTE
r-release-linux-x86_64 0.1.1 1.79 24.06 25.85 NOTE
r-release-macos-arm64 0.1.1 14.00 NOTE
r-release-macos-x86_64 0.1.1 22.00 NOTE
r-release-windows-x86_64 0.1.1 3.00 42.00 45.00 NOTE
r-oldrel-macos-arm64 0.1.1 15.00 NOTE
r-oldrel-macos-x86_64 0.1.1 20.00 NOTE
r-oldrel-windows-x86_64 0.1.1 3.00 43.00 46.00 NOTE

Check Details

Version: 0.1.1
Check: LazyData
Result: NOTE 'LazyData' is specified without a 'data' directory Flavors: r-devel-linux-x86_64-debian-clang, r-devel-linux-x86_64-debian-gcc, r-devel-linux-x86_64-fedora-clang, r-devel-linux-x86_64-fedora-gcc, r-devel-windows-x86_64, r-patched-linux-x86_64, r-release-linux-x86_64, r-release-macos-arm64, r-release-macos-x86_64, r-release-windows-x86_64, r-oldrel-macos-arm64, r-oldrel-macos-x86_64, r-oldrel-windows-x86_64