CRAN Package Check Results for Package r2resize

Last updated on 2024-06-13 05:59:16 CEST.

Flavor Version Tinstall Tcheck Ttotal Status Flags
r-devel-linux-x86_64-debian-clang 1.9 4.12 46.22 50.34 OK
r-devel-linux-x86_64-debian-gcc 1.9 3.01 34.01 37.02 ERROR
r-devel-linux-x86_64-fedora-clang 1.9 63.87 OK
r-devel-linux-x86_64-fedora-gcc 1.9 72.80 OK
r-devel-windows-x86_64 1.9 5.00 61.00 66.00 OK
r-patched-linux-x86_64 1.9 4.24 44.14 48.38 OK
r-release-linux-x86_64 1.9 4.22 43.41 47.63 OK
r-release-macos-arm64 1.9 35.00 OK
r-release-macos-x86_64 1.9 51.00 OK
r-release-windows-x86_64 1.9 5.00 61.00 66.00 OK
r-oldrel-macos-arm64 1.9 63.00 OK
r-oldrel-macos-x86_64 1.9 78.00 OK
r-oldrel-windows-x86_64 1.9 6.00 64.00 70.00 OK

Check Details

Version: 1.9
Check: package dependencies
Result: NOTE Package suggested but not available for checking: ‘testthat’ Flavor: r-devel-linux-x86_64-debian-gcc

Version: 1.9
Check: tests
Result: ERROR Running ‘testthat.R’ [0s/1s] Running the tests in ‘tests/testthat.R’ failed. Complete output: > library(testthat) Error in library(testthat) : there is no package called 'testthat' Execution halted Flavor: r-devel-linux-x86_64-debian-gcc