CRAN Package Check Results for Package quiddich

Last updated on 2024-07-23 07:07:24 CEST.

Flavor Version Tinstall Tcheck Ttotal Status Flags
r-devel-linux-x86_64-debian-clang 1.0.0 2.19 42.89 45.08 NOTE
r-devel-linux-x86_64-debian-gcc 1.0.0 2.67 33.23 35.90 NOTE
r-devel-linux-x86_64-fedora-clang 1.0.0 60.22 NOTE
r-devel-linux-x86_64-fedora-gcc 1.0.0 54.18 NOTE
r-devel-windows-x86_64 1.0.0 4.00 51.00 55.00 NOTE
r-patched-linux-x86_64 1.0.0 2.96 41.11 44.07 NOTE
r-release-linux-x86_64 1.0.0 2.89 40.91 43.80 NOTE
r-release-macos-arm64 1.0.0 21.00 NOTE
r-release-macos-x86_64 1.0.0 30.00 NOTE
r-release-windows-x86_64 1.0.0 4.00 51.00 55.00 NOTE
r-oldrel-macos-arm64 1.0.0 22.00 NOTE
r-oldrel-macos-x86_64 1.0.0 30.00 NOTE
r-oldrel-windows-x86_64 1.0.0 4.00 59.00 63.00 NOTE

Check Details

Version: 1.0.0
Check: LazyData
Result: NOTE 'LazyData' is specified without a 'data' directory Flavors: r-devel-linux-x86_64-debian-clang, r-devel-linux-x86_64-debian-gcc, r-devel-linux-x86_64-fedora-clang, r-devel-linux-x86_64-fedora-gcc, r-devel-windows-x86_64, r-patched-linux-x86_64, r-release-linux-x86_64, r-release-macos-arm64, r-release-macos-x86_64, r-release-windows-x86_64, r-oldrel-macos-arm64, r-oldrel-macos-x86_64, r-oldrel-windows-x86_64