CRAN Package Check Results for Package quest

Last updated on 2024-07-23 07:07:24 CEST.

Flavor Version Tinstall Tcheck Ttotal Status Flags
r-devel-linux-x86_64-debian-clang 0.2.0 7.51 121.61 129.12 OK
r-devel-linux-x86_64-debian-gcc 0.2.0 5.13 90.15 95.28 NOTE
r-devel-linux-x86_64-fedora-clang 0.2.0 157.10 OK
r-devel-linux-x86_64-fedora-gcc 0.2.0 152.19 OK
r-devel-windows-x86_64 0.2.0 9.00 148.00 157.00 NOTE
r-patched-linux-x86_64 0.2.0 21.60 111.76 133.36 OK
r-release-linux-x86_64 0.2.0 4.96 114.25 119.21 OK
r-release-macos-arm64 0.2.0 44.00 OK
r-release-macos-x86_64 0.2.0 67.00 OK
r-release-windows-x86_64 0.2.0 9.00 146.00 155.00 OK
r-oldrel-macos-arm64 0.2.0 41.00 OK
r-oldrel-macos-x86_64 0.2.0 58.00 OK
r-oldrel-windows-x86_64 0.2.0 11.00 175.00 186.00 OK

Check Details

Version: 0.2.0
Check: Rd cross-references
Result: NOTE Found the following Rd file(s) with Rd \link{} targets missing package anchors: quest-package.Rd: str2str ucfa.Rd: lavaan-class Please provide package anchors for all Rd \link{} targets not in the package itself and the base packages. Flavors: r-devel-linux-x86_64-debian-gcc, r-devel-windows-x86_64