CRAN Package Check Results for Package quantregRanger

Last updated on 2024-07-19 06:50:24 CEST.

Flavor Version Tinstall Tcheck Ttotal Status Flags
r-devel-linux-x86_64-debian-clang 1.0 55.64 38.21 93.85 NOTE
r-devel-linux-x86_64-debian-gcc 1.0 22.77 28.81 51.58 NOTE
r-devel-linux-x86_64-fedora-clang 1.0 136.74 NOTE
r-devel-linux-x86_64-fedora-gcc 1.0 126.74 NOTE
r-devel-windows-x86_64 1.0 32.00 63.00 95.00 NOTE
r-patched-linux-x86_64 1.0 35.50 35.20 70.70 NOTE
r-release-linux-x86_64 1.0 35.11 36.12 71.23 NOTE
r-release-macos-arm64 1.0 30.00 NOTE
r-release-macos-x86_64 1.0 36.00 NOTE
r-release-windows-x86_64 1.0 41.00 66.00 107.00 NOTE
r-oldrel-macos-arm64 1.0 34.00 NOTE
r-oldrel-macos-x86_64 1.0 54.00 NOTE
r-oldrel-windows-x86_64 1.0 51.00 75.00 126.00 NOTE

Check Details

Version: 1.0
Check: LazyData
Result: NOTE 'LazyData' is specified without a 'data' directory Flavors: r-devel-linux-x86_64-debian-clang, r-devel-linux-x86_64-debian-gcc, r-devel-linux-x86_64-fedora-clang, r-devel-linux-x86_64-fedora-gcc, r-devel-windows-x86_64, r-patched-linux-x86_64, r-release-linux-x86_64, r-release-macos-arm64, r-release-macos-x86_64, r-release-windows-x86_64, r-oldrel-macos-arm64, r-oldrel-macos-x86_64, r-oldrel-windows-x86_64