CRAN Package Check Results for Package qpmadr

Last updated on 2024-07-12 18:52:31 CEST.

Flavor Version Tinstall Tcheck Ttotal Status Flags
r-devel-linux-x86_64-debian-clang 1.1.0-0 46.47 29.98 76.45 NOTE
r-devel-linux-x86_64-debian-gcc 1.1.0-0 28.95 25.66 54.61 NOTE
r-devel-linux-x86_64-fedora-clang 1.1.0-0 98.41 NOTE
r-devel-linux-x86_64-fedora-gcc 1.1.0-0 105.79 NOTE
r-devel-windows-x86_64 1.1.0-0 33.00 65.00 98.00 NOTE
r-patched-linux-x86_64 1.1.0-0 37.10 31.14 68.24 NOTE
r-release-linux-x86_64 1.1.0-0 34.10 30.98 65.08 NOTE
r-release-macos-arm64 1.1.0-0 29.00 NOTE
r-release-macos-x86_64 1.1.0-0 41.00 NOTE
r-release-windows-x86_64 1.1.0-0 33.00 66.00 99.00 NOTE
r-oldrel-macos-arm64 1.1.0-0 32.00 NOTE
r-oldrel-macos-x86_64 1.1.0-0 48.00 NOTE
r-oldrel-windows-x86_64 1.1.0-0 39.00 74.00 113.00 NOTE

Check Details

Version: 1.1.0-0
Check: C++ specification
Result: NOTE Specified C++11: please drop specification unless essential Flavors: r-devel-linux-x86_64-debian-clang, r-devel-linux-x86_64-debian-gcc, r-devel-linux-x86_64-fedora-clang, r-devel-linux-x86_64-fedora-gcc, r-devel-windows-x86_64, r-patched-linux-x86_64, r-release-linux-x86_64, r-release-macos-arm64, r-release-macos-x86_64, r-release-windows-x86_64, r-oldrel-macos-arm64, r-oldrel-macos-x86_64, r-oldrel-windows-x86_64

Version: 1.1.0-0
Check: installed package size
Result: NOTE installed size is 9.2Mb sub-directories of 1Mb or more: libs 9.0Mb Flavors: r-release-macos-arm64, r-release-macos-x86_64, r-oldrel-macos-arm64, r-oldrel-macos-x86_64