CRAN Package Check Results for Package qfratio

Last updated on 2024-06-14 05:58:35 CEST.

Flavor Version Tinstall Tcheck Ttotal Status Flags
r-devel-linux-x86_64-debian-clang 1.1.1 449.13 224.49 673.62 OK
r-devel-linux-x86_64-debian-gcc 1.1.1 345.56 93.57 439.13 ERROR
r-devel-linux-x86_64-fedora-clang 1.1.1 808.80 OK
r-devel-linux-x86_64-fedora-gcc 1.1.1 1042.83 OK
r-devel-windows-x86_64 1.1.1 320.00 197.00 517.00 OK
r-patched-linux-x86_64 1.1.1 412.74 237.29 650.03 OK
r-release-linux-x86_64 1.1.1 432.46 236.91 669.37 OK
r-release-macos-arm64 1.1.1 209.00 NOTE
r-release-macos-x86_64 1.1.1 240.00 NOTE
r-release-windows-x86_64 1.1.1 326.00 204.00 530.00 OK
r-oldrel-macos-arm64 1.1.1 184.00 NOTE
r-oldrel-macos-x86_64 1.1.1 416.00 NOTE
r-oldrel-windows-x86_64 1.1.1 405.00 262.00 667.00 OK

Check Details

Version: 1.1.1
Check: package dependencies
Result: NOTE Package suggested but not available for checking: ‘testthat’ Flavor: r-devel-linux-x86_64-debian-gcc

Version: 1.1.1
Check: tests
Result: ERROR Running ‘testthat.R’ [0s/1s] Running the tests in ‘tests/testthat.R’ failed. Complete output: > # This file is part of the standard setup for testthat. > # It is recommended that you do not modify it. > # > # Where should you do additional test configuration? > # Learn more about the roles of various files in: > # * https://r-pkgs.org/tests.html > # * https://testthat.r-lib.org/reference/test_package.html#special-files > > library(testthat) Error in library(testthat) : there is no package called 'testthat' Execution halted Flavor: r-devel-linux-x86_64-debian-gcc

Version: 1.1.1
Check: installed package size
Result: NOTE installed size is 145.3Mb sub-directories of 1Mb or more: libs 144.1Mb Flavors: r-release-macos-arm64, r-release-macos-x86_64, r-oldrel-macos-arm64, r-oldrel-macos-x86_64