CRAN Package Check Results for Package qGaussian

Last updated on 2024-07-13 06:49:48 CEST.

Flavor Version Tinstall Tcheck Ttotal Status Flags
r-devel-linux-x86_64-debian-clang 0.1.8 19.86 36.94 56.80 NOTE
r-devel-linux-x86_64-debian-gcc 0.1.8 12.19 27.45 39.64 NOTE
r-devel-linux-x86_64-fedora-clang 0.1.8 78.03 NOTE
r-devel-linux-x86_64-fedora-gcc 0.1.8 73.35 NOTE
r-devel-windows-x86_64 0.1.8 17.00 64.00 81.00 NOTE
r-patched-linux-x86_64 0.1.8 15.51 35.67 51.18 NOTE
r-release-linux-x86_64 0.1.8 16.25 34.57 50.82 NOTE
r-release-macos-arm64 0.1.8 24.00 NOTE
r-release-macos-x86_64 0.1.8 33.00 NOTE
r-release-windows-x86_64 0.1.8 16.00 61.00 77.00 NOTE
r-oldrel-macos-arm64 0.1.8 30.00 NOTE
r-oldrel-macos-x86_64 0.1.8 39.00 NOTE
r-oldrel-windows-x86_64 0.1.8 16.00 74.00 90.00 NOTE

Check Details

Version: 0.1.8
Check: LazyData
Result: NOTE 'LazyData' is specified without a 'data' directory Flavors: r-devel-linux-x86_64-debian-clang, r-devel-linux-x86_64-debian-gcc, r-devel-linux-x86_64-fedora-clang, r-devel-linux-x86_64-fedora-gcc, r-devel-windows-x86_64, r-patched-linux-x86_64, r-release-linux-x86_64, r-release-macos-arm64, r-release-macos-x86_64, r-release-windows-x86_64, r-oldrel-macos-arm64, r-oldrel-macos-x86_64, r-oldrel-windows-x86_64