CRAN Package Check Results for Package pssmooth

Last updated on 2024-07-24 18:53:59 CEST.

Flavor Version Tinstall Tcheck Ttotal Status Flags
r-devel-linux-x86_64-debian-clang 1.0.3 12.39 116.26 128.65 NOTE
r-devel-linux-x86_64-debian-gcc 1.0.3 9.82 85.69 95.51 NOTE
r-devel-linux-x86_64-fedora-clang 1.0.3 153.69 NOTE
r-devel-linux-x86_64-fedora-gcc 1.0.3 148.41 NOTE
r-devel-windows-x86_64 1.0.3 12.00 94.00 106.00 NOTE
r-patched-linux-x86_64 1.0.3 10.79 107.38 118.17 NOTE
r-release-linux-x86_64 1.0.3 11.73 106.96 118.69 NOTE
r-release-macos-arm64 1.0.3 45.00 NOTE
r-release-macos-x86_64 1.0.3 88.00 NOTE
r-release-windows-x86_64 1.0.3 10.00 93.00 103.00 NOTE
r-oldrel-macos-arm64 1.0.3 47.00 NOTE
r-oldrel-macos-x86_64 1.0.3 81.00 NOTE
r-oldrel-windows-x86_64 1.0.3 13.00 118.00 131.00 NOTE

Check Details

Version: 1.0.3
Check: LazyData
Result: NOTE 'LazyData' is specified without a 'data' directory Flavors: r-devel-linux-x86_64-debian-clang, r-devel-linux-x86_64-debian-gcc, r-devel-linux-x86_64-fedora-clang, r-devel-linux-x86_64-fedora-gcc, r-devel-windows-x86_64, r-patched-linux-x86_64, r-release-linux-x86_64, r-release-macos-arm64, r-release-macos-x86_64, r-release-windows-x86_64, r-oldrel-macos-arm64, r-oldrel-macos-x86_64, r-oldrel-windows-x86_64