CRAN Package Check Results for Package promotionImpact

Last updated on 2024-07-16 07:01:47 CEST.

Flavor Version Tinstall Tcheck Ttotal Status Flags
r-devel-linux-x86_64-debian-clang 0.1.5 11.20 79.36 90.56 OK
r-devel-linux-x86_64-debian-gcc 0.1.5 7.60 59.13 66.73 OK
r-devel-linux-x86_64-fedora-clang 0.1.5 116.92 OK
r-devel-linux-x86_64-fedora-gcc 0.1.5 107.40 OK
r-devel-windows-x86_64 0.1.5 11.00 82.00 93.00 OK
r-patched-linux-x86_64 0.1.5 0.44 2.12 2.56 ERROR
r-release-linux-x86_64 0.1.5 7.84 77.01 84.85 OK
r-release-macos-arm64 0.1.5 37.00 OK
r-release-macos-x86_64 0.1.5 48.00 OK
r-release-windows-x86_64 0.1.5 11.00 83.00 94.00 OK
r-oldrel-macos-arm64 0.1.5 38.00 OK
r-oldrel-macos-x86_64 0.1.5 54.00 OK
r-oldrel-windows-x86_64 0.1.5 14.00 90.00 104.00 OK

Check Details

Version: 0.1.5
Check: package dependencies
Result: ERROR Package required but not available: ‘prophet’ See section ‘The DESCRIPTION file’ in the ‘Writing R Extensions’ manual. Flavor: r-patched-linux-x86_64