CRAN Package Check Results for Package procs

Last updated on 2024-06-13 17:49:22 CEST.

Flavor Version Tinstall Tcheck Ttotal Status Flags
r-devel-linux-x86_64-debian-clang 1.0.6 10.17 150.40 160.57 OK
r-devel-linux-x86_64-debian-gcc 1.0.6 0.67 1.77 2.44 ERROR
r-devel-linux-x86_64-fedora-clang 1.0.6 197.56 OK
r-devel-linux-x86_64-fedora-gcc 1.0.6 202.15 OK
r-devel-windows-x86_64 1.0.6 10.00 128.00 138.00 OK
r-patched-linux-x86_64 1.0.6 17.39 142.28 159.67 OK
r-release-linux-x86_64 1.0.6 9.88 145.64 155.52 OK
r-release-macos-arm64 1.0.6 65.00 OK
r-release-macos-x86_64 1.0.6 116.00 OK
r-release-windows-x86_64 1.0.6 11.00 127.00 138.00 OK
r-oldrel-macos-arm64 1.0.6 78.00 OK
r-oldrel-macos-x86_64 1.0.6 131.00 OK
r-oldrel-windows-x86_64 1.0.6 12.00 151.00 163.00 OK

Check Details

Version: 1.0.6
Check: package dependencies
Result: ERROR Packages required but not available: 'fmtr', 'reporter', 'tibble' Package suggested but not available for checking: ‘testthat’ See section ‘The DESCRIPTION file’ in the ‘Writing R Extensions’ manual. Flavor: r-devel-linux-x86_64-debian-gcc