CRAN Package Check Results for Package prettydoc

Last updated on 2024-07-13 06:49:48 CEST.

Flavor Version Tinstall Tcheck Ttotal Status Flags
r-devel-linux-x86_64-debian-clang 0.4.1 4.00 48.66 52.66 NOTE
r-devel-linux-x86_64-debian-gcc 0.4.1 2.37 38.48 40.85 NOTE
r-devel-linux-x86_64-fedora-clang 0.4.1 68.50 NOTE
r-devel-linux-x86_64-fedora-gcc 0.4.1 78.40 NOTE
r-devel-windows-x86_64 0.4.1 5.00 64.00 69.00 NOTE
r-patched-linux-x86_64 0.4.1 3.81 48.89 52.70 NOTE
r-release-linux-x86_64 0.4.1 2.96 48.11 51.07 NOTE
r-release-macos-arm64 0.4.1 34.00 NOTE
r-release-macos-x86_64 0.4.1 47.00 NOTE
r-release-windows-x86_64 0.4.1 5.00 67.00 72.00 NOTE
r-oldrel-macos-arm64 0.4.1 36.00 NOTE
r-oldrel-macos-x86_64 0.4.1 47.00 NOTE
r-oldrel-windows-x86_64 0.4.1 6.00 65.00 71.00 NOTE

Check Details

Version: 0.4.1
Check: LazyData
Result: NOTE 'LazyData' is specified without a 'data' directory Flavors: r-devel-linux-x86_64-debian-clang, r-devel-linux-x86_64-debian-gcc, r-devel-linux-x86_64-fedora-clang, r-devel-linux-x86_64-fedora-gcc, r-devel-windows-x86_64, r-patched-linux-x86_64, r-release-linux-x86_64, r-release-macos-arm64, r-release-macos-x86_64, r-release-windows-x86_64, r-oldrel-macos-arm64, r-oldrel-macos-x86_64, r-oldrel-windows-x86_64