Last updated on 2025-04-23 11:49:51 CEST.
Flavor | Version | Tinstall | Tcheck | Ttotal | Status | Flags |
---|---|---|---|---|---|---|
r-devel-linux-x86_64-debian-clang | 2.4.0.2 | 23.80 | 166.26 | 190.06 | OK | |
r-devel-linux-x86_64-debian-gcc | 2.4.0.2 | 18.10 | 121.16 | 139.26 | OK | |
r-devel-linux-x86_64-fedora-clang | 2.4.0.2 | 320.44 | NOTE | |||
r-devel-linux-x86_64-fedora-gcc | 2.4.0.2 | 324.40 | NOTE | |||
r-devel-windows-x86_64 | 2.4.0.2 | 24.00 | 149.00 | 173.00 | OK | |
r-patched-linux-x86_64 | 2.4.0.2 | 24.30 | 156.42 | 180.72 | OK | |
r-release-linux-x86_64 | 2.4.0.2 | 22.31 | 156.00 | 178.31 | OK | |
r-release-macos-arm64 | 2.4.0.2 | 92.00 | OK | |||
r-release-macos-x86_64 | 2.4.0.2 | 144.00 | OK | |||
r-release-windows-x86_64 | 2.4.0.2 | 24.00 | 148.00 | 172.00 | OK | |
r-oldrel-macos-arm64 | 2.4.0.2 | 75.00 | OK | |||
r-oldrel-macos-x86_64 | 2.4.0.2 | 107.00 | OK | |||
r-oldrel-windows-x86_64 | 2.4.0.2 | 30.00 | 186.00 | 216.00 | OK |
Version: 2.4.0.2
Check: dependencies in R code
Result: NOTE
Namespaces in Imports field not imported from:
‘ActCR’ ‘ActFrag’ ‘tidyr’
All declared Imports should be used.
Flavors: r-devel-linux-x86_64-fedora-clang, r-devel-linux-x86_64-fedora-gcc