CRAN Package Check Results for Package plspm

Last updated on 2024-06-13 05:59:15 CEST.

Flavor Version Tinstall Tcheck Ttotal Status Flags
r-devel-linux-x86_64-debian-clang 0.5.1 8.40 75.25 83.65 OK
r-devel-linux-x86_64-debian-gcc 0.5.1 5.93 50.20 56.13 ERROR
r-devel-linux-x86_64-fedora-clang 0.5.1 105.01 OK
r-devel-linux-x86_64-fedora-gcc 0.5.1 110.52 OK
r-devel-windows-x86_64 0.5.1 8.00 96.00 104.00 OK
r-patched-linux-x86_64 0.5.1 14.95 71.90 86.85 OK
r-release-linux-x86_64 0.5.1 9.32 72.96 82.28 OK
r-release-macos-arm64 0.5.1 36.00 OK
r-release-macos-x86_64 0.5.1 65.00 WARN
r-release-windows-x86_64 0.5.1 9.00 96.00 105.00 OK
r-oldrel-macos-arm64 0.5.1 41.00 OK
r-oldrel-macos-x86_64 0.5.1 90.00 OK
r-oldrel-windows-x86_64 0.5.1 10.00 104.00 114.00 OK

Check Details

Version: 0.5.1
Check: package dependencies
Result: NOTE Packages suggested but not available for checking: 'FactoMineR', 'ggplot2', 'testthat' Flavor: r-devel-linux-x86_64-debian-gcc

Version: 0.5.1
Check: tests
Result: ERROR Running ‘testthat.R’ [0s/0s] Running the tests in ‘tests/testthat.R’ failed. Complete output: > library(testthat) Error in library(testthat) : there is no package called 'testthat' Execution halted Flavor: r-devel-linux-x86_64-debian-gcc

Version: 0.5.1
Check: re-building of vignette outputs
Result: ERROR Error(s) in re-building vignettes: ... --- re-building ‘plspm_introduction.Rnw’ using knitr Quitting from lines 308-327 [rus_pls_xloads_ggplot] (plspm_introduction.Rnw) Error: processing vignette 'plspm_introduction.Rnw' failed with diagnostics: there is no package called 'ggplot2' --- failed re-building ‘plspm_introduction.Rnw’ SUMMARY: processing the following file failed: ‘plspm_introduction.Rnw’ Error: Vignette re-building failed. Execution halted Flavor: r-devel-linux-x86_64-debian-gcc

Version: 0.5.1
Check: re-building of vignette outputs
Result: WARN Error(s) in re-building vignettes: ... --- re-building ‘plspm_introduction.Rnw’ using knitr Error: processing vignette 'plspm_introduction.Rnw' failed with diagnostics: Running 'texi2dvi' on 'plspm_introduction.tex' failed. LaTeX errors: ! Undefined control sequence. l.120 \hlkwd{install.packages}\hldef {(}\hlsng{"plspm"}\hldef{)} ? ! Emergency stop. ! Emergency stop. l.120 End of file on the terminal! ! ==> Fatal error occurred, no output PDF file produced! --- failed re-building ‘plspm_introduction.Rnw’ SUMMARY: processing the following file failed: ‘plspm_introduction.Rnw’ Error: Vignette re-building failed. Execution halted Flavor: r-release-macos-x86_64