CRAN Package Check Results for Package plotscale

Last updated on 2024-07-13 06:49:48 CEST.

Flavor Version Tinstall Tcheck Ttotal Status Flags
r-devel-linux-x86_64-debian-clang 0.1.6 2.43 59.24 61.67 NOTE
r-devel-linux-x86_64-debian-gcc 0.1.6 1.85 41.47 43.32 NOTE
r-devel-linux-x86_64-fedora-clang 0.1.6 73.50 NOTE
r-devel-linux-x86_64-fedora-gcc 0.1.6 82.58 NOTE
r-devel-windows-x86_64 0.1.6 4.00 63.00 67.00 NOTE
r-patched-linux-x86_64 0.1.6 2.19 53.21 55.40 NOTE
r-release-linux-x86_64 0.1.6 2.23 54.51 56.74 NOTE
r-release-macos-arm64 0.1.6 35.00 NOTE
r-release-macos-x86_64 0.1.6 48.00 NOTE
r-release-windows-x86_64 0.1.6 3.00 63.00 66.00 NOTE
r-oldrel-macos-arm64 0.1.6 29.00 NOTE
r-oldrel-macos-x86_64 0.1.6 49.00 NOTE
r-oldrel-windows-x86_64 0.1.6 3.00 68.00 71.00 NOTE

Check Details

Version: 0.1.6
Check: LazyData
Result: NOTE 'LazyData' is specified without a 'data' directory Flavors: r-devel-linux-x86_64-debian-clang, r-devel-linux-x86_64-debian-gcc, r-devel-linux-x86_64-fedora-clang, r-devel-linux-x86_64-fedora-gcc, r-devel-windows-x86_64, r-patched-linux-x86_64, r-release-linux-x86_64, r-release-macos-arm64, r-release-macos-x86_64, r-release-windows-x86_64, r-oldrel-macos-arm64, r-oldrel-macos-x86_64, r-oldrel-windows-x86_64

Version: 0.1.6
Check: dependencies in R code
Result: NOTE Namespace in Imports field not imported from: ‘graphics’ All declared Imports should be used. Flavors: r-devel-linux-x86_64-fedora-clang, r-devel-linux-x86_64-fedora-gcc