CRAN Package Check Results for Package pkgbuild

Last updated on 2024-06-12 17:57:28 CEST.

Flavor Version Tinstall Tcheck Ttotal Status Flags
r-devel-linux-x86_64-debian-clang 1.4.4 6.50 73.41 79.91 OK
r-devel-linux-x86_64-debian-gcc 1.4.4 4.40 25.24 29.64 ERROR
r-devel-linux-x86_64-fedora-clang 1.4.4 96.70 OK
r-devel-linux-x86_64-fedora-gcc 1.4.4 91.82 OK
r-devel-windows-x86_64 1.4.4 6.00 91.00 97.00 OK
r-patched-linux-x86_64 1.4.4 4.47 70.32 74.79 OK
r-release-linux-x86_64 1.4.4 6.00 69.84 75.84 OK
r-release-macos-arm64 1.4.4 43.00 OK
r-release-macos-x86_64 1.4.4 67.00 OK
r-release-windows-x86_64 1.4.4 6.00 94.00 100.00 OK
r-oldrel-macos-arm64 1.4.4 45.00 OK
r-oldrel-macos-x86_64 1.4.4 71.00 OK
r-oldrel-windows-x86_64 1.4.4 6.00 96.00 102.00 OK

Check Details

Version: 1.4.4
Check: package dependencies
Result: NOTE Packages suggested but not available for checking: 'mockery', 'testthat' Flavor: r-devel-linux-x86_64-debian-gcc

Version: 1.4.4
Check: tests
Result: ERROR Running ‘build-tools.R’ [1s/2s] Running ‘testthat.R’ [0s/1s] Running the tests in ‘tests/testthat.R’ failed. Complete output: > library(testthat) Error in library(testthat) : there is no package called 'testthat' Execution halted Flavor: r-devel-linux-x86_64-debian-gcc