CRAN Package Check Results for Package pkgGraphR

Last updated on 2024-06-13 17:49:21 CEST.

Flavor Version Tinstall Tcheck Ttotal Status Flags
r-devel-linux-x86_64-debian-clang 0.2.0 2.10 31.10 33.20 OK
r-devel-linux-x86_64-debian-gcc 0.2.0 0.30 1.85 2.15 ERROR
r-devel-linux-x86_64-fedora-clang 0.2.0 44.03 OK
r-devel-linux-x86_64-fedora-gcc 0.2.0 53.92 OK
r-devel-windows-x86_64 0.2.0 3.00 46.00 49.00 OK
r-patched-linux-x86_64 0.2.0 1.55 30.59 32.14 OK
r-release-linux-x86_64 0.2.0 1.53 29.97 31.50 OK
r-release-macos-arm64 0.2.0 25.00 OK
r-release-macos-x86_64 0.2.0 34.00 OK
r-release-windows-x86_64 0.2.0 3.00 48.00 51.00 OK
r-oldrel-macos-arm64 0.2.0 38.00 OK
r-oldrel-macos-x86_64 0.2.0 45.00 OK
r-oldrel-windows-x86_64 0.2.0 4.00 47.00 51.00 OK

Check Details

Version: 0.2.0
Check: package dependencies
Result: ERROR Packages required but not available: 'DiagrammeR', 'dplyr', 'purrr' Package suggested but not available for checking: ‘testthat’ See section ‘The DESCRIPTION file’ in the ‘Writing R Extensions’ manual. Flavor: r-devel-linux-x86_64-debian-gcc