CRAN Package Check Results for Package pipefittr

Last updated on 2025-01-21 07:49:20 CET.

Flavor Version Tinstall Tcheck Ttotal Status Flags
r-devel-linux-x86_64-debian-clang 0.1.2 3.68 33.09 36.77 OK
r-devel-linux-x86_64-debian-gcc 0.1.2 3.11 26.51 29.62 OK
r-devel-linux-x86_64-fedora-clang 0.1.2 58.36 OK
r-devel-linux-x86_64-fedora-gcc 0.1.2 54.68 OK
r-devel-windows-x86_64 0.1.2 5.00 51.00 56.00 OK
r-patched-linux-x86_64 0.1.2 3.63 30.94 34.57 NOTE
r-release-linux-x86_64 0.1.2 3.82 30.95 34.77 NOTE
r-release-macos-arm64 0.1.2 20.00 NOTE
r-release-macos-x86_64 0.1.2 31.00 NOTE
r-release-windows-x86_64 0.1.2 5.00 58.00 63.00 NOTE
r-oldrel-macos-arm64 0.1.2 21.00 NOTE
r-oldrel-macos-x86_64 0.1.2 31.00 NOTE
r-oldrel-windows-x86_64 0.1.2 6.00 57.00 63.00 NOTE

Check Details

Version: 0.1.2
Check: LazyData
Result: NOTE 'LazyData' is specified without a 'data' directory Flavors: r-patched-linux-x86_64, r-release-linux-x86_64, r-release-macos-arm64, r-release-macos-x86_64, r-release-windows-x86_64, r-oldrel-macos-arm64, r-oldrel-macos-x86_64, r-oldrel-windows-x86_64