CRAN Package Check Results for Package phyloregion

Last updated on 2024-07-21 18:54:19 CEST.

Flavor Version Tinstall Tcheck Ttotal Status Flags
r-devel-linux-x86_64-debian-clang 1.0.8 39.72 424.21 463.93 NOTE
r-devel-linux-x86_64-debian-gcc 1.0.8 35.66 309.67 345.33 NOTE
r-devel-linux-x86_64-fedora-clang 1.0.8 583.62 NOTE
r-devel-linux-x86_64-fedora-gcc 1.0.8 556.95 NOTE
r-devel-windows-x86_64 1.0.8 32.00 273.00 305.00 NOTE
r-patched-linux-x86_64 1.0.8 43.97 402.43 446.40 NOTE
r-release-linux-x86_64 1.0.8 26.03 407.92 433.95 NOTE
r-release-macos-arm64 1.0.8 139.00 NOTE
r-release-macos-x86_64 1.0.8 221.00 NOTE
r-release-windows-x86_64 1.0.8 32.00 271.00 303.00 NOTE
r-oldrel-macos-arm64 1.0.8 135.00 NOTE
r-oldrel-macos-x86_64 1.0.8 246.00 NOTE
r-oldrel-windows-x86_64 1.0.8 45.00 362.00 407.00 OK

Check Details

Version: 1.0.8
Check: Rd files
Result: NOTE checkRd: (-1) fitgom.Rd:87: Lost braces 87 | \item \code{theta} The ncol{counts} by K matrix of estimated | ^ checkRd: (-1) fitgom.Rd:89: Lost braces 89 | \item \code{omega} The nrow{counts} by K matrix of estimated | ^ Flavors: r-devel-linux-x86_64-debian-clang, r-devel-linux-x86_64-debian-gcc, r-devel-linux-x86_64-fedora-clang, r-devel-linux-x86_64-fedora-gcc, r-devel-windows-x86_64, r-patched-linux-x86_64, r-release-linux-x86_64, r-release-macos-arm64, r-release-macos-x86_64, r-release-windows-x86_64

Version: 1.0.8
Check: Rd cross-references
Result: NOTE Found the following Rd file(s) with Rd \link{} targets missing package anchors: beta_diss.Rd: betapart.core, beta.pair, beta.multi, betapart phylobeta.Rd: phylo.betapart.core, phylo.beta.pair, phylo.beta.multi Please provide package anchors for all Rd \link{} targets not in the package itself and the base packages. Flavors: r-devel-linux-x86_64-debian-gcc, r-devel-windows-x86_64

Version: 1.0.8
Check: Rd cross-references
Result: NOTE Undeclared package ‘picante’ in Rd xrefs Flavor: r-devel-linux-x86_64-fedora-clang

Version: 1.0.8
Check: package dependencies
Result: NOTE Package suggested but not available for checking: ‘phyloseq’ Flavors: r-oldrel-macos-arm64, r-oldrel-macos-x86_64