CRAN Package Check Results for Package ph2bye

Last updated on 2024-07-13 18:55:41 CEST.

Flavor Version Tinstall Tcheck Ttotal Status Flags
r-devel-linux-x86_64-debian-clang 0.1.4 21.31 40.74 62.05 NOTE
r-devel-linux-x86_64-debian-gcc 0.1.4 13.32 30.09 43.41 NOTE
r-devel-linux-x86_64-fedora-clang 0.1.4 89.44 NOTE
r-devel-linux-x86_64-fedora-gcc 0.1.4 81.76 NOTE
r-devel-windows-x86_64 0.1.4 18.00 72.00 90.00 NOTE
r-patched-linux-x86_64 0.1.4 16.54 39.79 56.33 NOTE
r-release-linux-x86_64 0.1.4 16.49 40.46 56.95 NOTE
r-release-macos-arm64 0.1.4 23.00 NOTE
r-release-macos-x86_64 0.1.4 35.00 NOTE
r-release-windows-x86_64 0.1.4 18.00 68.00 86.00 NOTE
r-oldrel-macos-arm64 0.1.4 27.00 NOTE
r-oldrel-macos-x86_64 0.1.4 39.00 NOTE
r-oldrel-windows-x86_64 0.1.4 21.00 75.00 96.00 NOTE

Check Details

Version: 0.1.4
Check: LazyData
Result: NOTE 'LazyData' is specified without a 'data' directory Flavors: r-devel-linux-x86_64-debian-clang, r-devel-linux-x86_64-debian-gcc, r-devel-linux-x86_64-fedora-clang, r-devel-linux-x86_64-fedora-gcc, r-devel-windows-x86_64, r-patched-linux-x86_64, r-release-linux-x86_64, r-release-macos-arm64, r-release-macos-x86_64, r-release-windows-x86_64, r-oldrel-macos-arm64, r-oldrel-macos-x86_64, r-oldrel-windows-x86_64

Version: 0.1.4
Check: for non-standard things in the check directory
Result: NOTE Found the following files/directories: ‘animation.gif’ Flavors: r-devel-linux-x86_64-debian-clang, r-devel-linux-x86_64-debian-gcc, r-devel-linux-x86_64-fedora-clang, r-devel-linux-x86_64-fedora-gcc, r-patched-linux-x86_64, r-release-linux-x86_64

Version: 0.1.4
Check: compiled code
Result: NOTE File ‘ph2bye/libs/ph2bye.so’: Found no calls to: ‘R_registerRoutines’, ‘R_useDynamicSymbols’ It is good practice to register native routines and to disable symbol search. See ‘Writing portable packages’ in the ‘Writing R Extensions’ manual. Flavors: r-devel-linux-x86_64-fedora-clang, r-devel-linux-x86_64-fedora-gcc