CRAN Package Check Results for Package perutimber

Last updated on 2024-07-21 18:54:19 CEST.

Flavor Version Tinstall Tcheck Ttotal Status Flags
r-devel-linux-x86_64-debian-clang 0.1.0 5.02 33.71 38.73 OK
r-devel-linux-x86_64-debian-gcc 0.1.0 3.33 26.22 29.55 OK
r-devel-linux-x86_64-fedora-clang 0.1.0 47.64 NOTE
r-devel-linux-x86_64-fedora-gcc 0.1.0 45.26 NOTE
r-devel-windows-x86_64 0.1.0 5.00 48.00 53.00 OK
r-patched-linux-x86_64 0.1.0 4.91 31.54 36.45 OK
r-release-linux-x86_64 0.1.0 3.44 32.82 36.26 OK
r-release-macos-arm64 0.1.0 19.00 OK
r-release-macos-x86_64 0.1.0 30.00 OK
r-release-windows-x86_64 0.1.0 5.00 48.00 53.00 OK
r-oldrel-macos-arm64 0.1.0 20.00 OK
r-oldrel-macos-x86_64 0.1.0 47.00 OK
r-oldrel-windows-x86_64 0.1.0 6.00 50.00 56.00 OK

Check Details

Version: 0.1.0
Check: data for non-ASCII characters
Result: NOTE Note: found 1782 marked UTF-8 strings Flavors: r-devel-linux-x86_64-fedora-clang, r-devel-linux-x86_64-fedora-gcc