CRAN Package Check Results for Package permimp

Last updated on 2024-07-24 06:57:23 CEST.

Flavor Version Tinstall Tcheck Ttotal Status Flags
r-devel-linux-x86_64-debian-clang 1.0-2 8.06 143.07 151.13 OK
r-devel-linux-x86_64-debian-gcc 1.0-2 7.99 104.70 112.69 NOTE
r-devel-linux-x86_64-fedora-clang 1.0-2 205.87 OK
r-devel-linux-x86_64-fedora-gcc 1.0-2 192.52 OK
r-devel-windows-x86_64 1.0-2 10.00 112.00 122.00 NOTE
r-patched-linux-x86_64 1.0-2 12.51 137.42 149.93 OK
r-release-linux-x86_64 1.0-2 10.65 136.20 146.85 OK
r-release-macos-arm64 1.0-2 54.00 OK
r-release-macos-x86_64 1.0-2 94.00 OK
r-release-windows-x86_64 1.0-2 10.00 110.00 120.00 OK
r-oldrel-macos-arm64 1.0-2 61.00 OK
r-oldrel-macos-x86_64 1.0-2 109.00 OK
r-oldrel-windows-x86_64 1.0-2 11.00 139.00 150.00 OK

Check Details

Version: 1.0-2
Check: Rd cross-references
Result: NOTE Found the following Rd file(s) with Rd \link{} targets missing package anchors: permimp.Rd: varimp selFreq.Rd: cforest Please provide package anchors for all Rd \link{} targets not in the package itself and the base packages. Flavors: r-devel-linux-x86_64-debian-gcc, r-devel-windows-x86_64