CRAN Package Check Results for Package pdftools

Last updated on 2024-07-17 18:53:31 CEST.

Flavor Version Tinstall Tcheck Ttotal Status Flags
r-devel-linux-x86_64-debian-clang 3.4.0 23.48 36.15 59.63 OK
r-devel-linux-x86_64-debian-gcc 3.4.0 19.37 28.86 48.23 OK
r-devel-linux-x86_64-fedora-clang 3.4.0 91.31 NOTE
r-devel-linux-x86_64-fedora-gcc 3.4.0 90.62 OK
r-devel-windows-x86_64 3.4.0 36.00 119.00 155.00 NOTE
r-patched-linux-x86_64 3.4.0 24.09 36.08 60.17 OK
r-release-linux-x86_64 3.4.0 21.78 36.19 57.97 OK
r-release-macos-arm64 3.4.0 33.00 NOTE
r-release-macos-x86_64 3.4.0 46.00 NOTE
r-release-windows-x86_64 3.4.0 36.00 111.00 147.00 NOTE
r-oldrel-macos-arm64 3.4.0 126.00 NOTE
r-oldrel-macos-x86_64 3.4.0 130.00 NOTE
r-oldrel-windows-x86_64 3.4.0 42.00 130.00 172.00 NOTE

Check Details

Version: 3.4.0
Check: package dependencies
Result: NOTE Package suggested but not available for checking: ‘tesseract’ Flavor: r-devel-linux-x86_64-fedora-clang

Version: 3.4.0
Check: installed package size
Result: NOTE installed size is 20.3Mb sub-directories of 1Mb or more: libs 7.4Mb share 12.8Mb Flavors: r-devel-windows-x86_64, r-release-macos-arm64, r-release-macos-x86_64, r-release-windows-x86_64, r-oldrel-macos-arm64, r-oldrel-macos-x86_64, r-oldrel-windows-x86_64