CRAN Package Check Results for Package pbivnorm

Last updated on 2024-07-24 18:53:58 CEST.

Flavor Version Tinstall Tcheck Ttotal Status Flags
r-devel-linux-x86_64-debian-clang 0.6.0 2.76 20.21 22.97 OK
r-devel-linux-x86_64-debian-gcc 0.6.0 1.82 15.55 17.37 OK
r-devel-linux-x86_64-fedora-clang 0.6.0 30.48 NOTE
r-devel-linux-x86_64-fedora-gcc 0.6.0 27.15 NOTE
r-devel-windows-x86_64 0.6.0 6.00 36.00 42.00 OK
r-patched-linux-x86_64 0.6.0 2.04 18.96 21.00 OK
r-release-linux-x86_64 0.6.0 2.13 19.05 21.18 OK
r-release-macos-arm64 0.6.0 14.00 OK
r-release-macos-x86_64 0.6.0 20.00 OK
r-release-windows-x86_64 0.6.0 4.00 34.00 38.00 OK
r-oldrel-macos-arm64 0.6.0 17.00 OK
r-oldrel-macos-x86_64 0.6.0 20.00 OK
r-oldrel-windows-x86_64 0.6.0 5.00 36.00 41.00 OK

Check Details

Version: 0.6.0
Check: compiled code
Result: NOTE File ‘pbivnorm/libs/pbivnorm.so’: Found no calls to: ‘R_registerRoutines’, ‘R_useDynamicSymbols’ It is good practice to register native routines and to disable symbol search. See ‘Writing portable packages’ in the ‘Writing R Extensions’ manual. Flavors: r-devel-linux-x86_64-fedora-clang, r-devel-linux-x86_64-fedora-gcc