CRAN Package Check Results for Package parsec

Last updated on 2024-07-13 18:55:40 CEST.

Flavor Version Tinstall Tcheck Ttotal Status Flags
r-devel-linux-x86_64-debian-clang 1.2.7 10.60 115.81 126.41 NOTE
r-devel-linux-x86_64-debian-gcc 1.2.7 10.38 86.04 96.42 NOTE
r-devel-linux-x86_64-fedora-clang 1.2.7 156.46 NOTE
r-devel-linux-x86_64-fedora-gcc 1.2.7 156.87 NOTE
r-devel-windows-x86_64 1.2.7 13.00 111.00 124.00 NOTE
r-patched-linux-x86_64 1.2.7 16.20 111.96 128.16 NOTE
r-release-linux-x86_64 1.2.7 11.73 111.65 123.38 NOTE
r-release-macos-arm64 1.2.7 45.00 NOTE
r-release-macos-x86_64 1.2.7 73.00 NOTE
r-release-windows-x86_64 1.2.7 14.00 114.00 128.00 NOTE
r-oldrel-macos-arm64 1.2.7 57.00 OK
r-oldrel-macos-x86_64 1.2.7 93.00 OK
r-oldrel-windows-x86_64 1.2.7 18.00 135.00 153.00 OK

Check Details

Version: 1.2.7
Check: Rd files
Result: NOTE checkRd: (-1) summary.parsec.Rd:13-14: Lost braces in \itemize; meant \describe ? Flavors: r-devel-linux-x86_64-debian-clang, r-devel-linux-x86_64-debian-gcc, r-devel-linux-x86_64-fedora-clang, r-devel-linux-x86_64-fedora-gcc, r-devel-windows-x86_64, r-patched-linux-x86_64, r-release-linux-x86_64, r-release-macos-arm64, r-release-macos-x86_64, r-release-windows-x86_64

Version: 1.2.7
Check: Rd cross-references
Result: NOTE Found the following Rd file(s) with Rd \link{} targets missing package anchors: parsec2igraph.Rd: igraph Please provide package anchors for all Rd \link{} targets not in the package itself and the base packages. Flavor: r-devel-windows-x86_64