CRAN Package Check Results for Package palasso

Last updated on 2024-06-20 05:53:53 CEST.

Flavor Version Tinstall Tcheck Ttotal Status Flags
r-devel-linux-x86_64-debian-clang 0.0.9 8.27 77.90 86.17 NOTE
r-devel-linux-x86_64-debian-gcc 0.0.9 6.39 57.39 63.78 NOTE
r-devel-linux-x86_64-fedora-clang 0.0.9 114.86 NOTE
r-devel-linux-x86_64-fedora-gcc 0.0.9 124.57 NOTE
r-devel-windows-x86_64 0.0.9 7.00 74.00 81.00 NOTE
r-patched-linux-x86_64 0.0.9 8.47 72.80 81.27 NOTE
r-release-linux-x86_64 0.0.9 7.26 73.67 80.93 NOTE
r-release-macos-arm64 0.0.9 42.00 NOTE
r-release-macos-x86_64 0.0.9 61.00 NOTE
r-release-windows-x86_64 0.0.9 8.00 75.00 83.00 NOTE
r-oldrel-macos-arm64 0.0.9 47.00 NOTE
r-oldrel-macos-x86_64 0.0.9 82.00 NOTE
r-oldrel-windows-x86_64 0.0.9 9.00 86.00 95.00 NOTE

Check Details

Version: 0.0.9
Check: package dependencies
Result: NOTE Package which this enhances but not available for checking: ‘CorShrink’ Flavors: r-devel-linux-x86_64-debian-clang, r-devel-linux-x86_64-debian-gcc, r-devel-linux-x86_64-fedora-clang, r-devel-linux-x86_64-fedora-gcc, r-devel-windows-x86_64, r-patched-linux-x86_64, r-release-linux-x86_64, r-release-macos-arm64, r-release-macos-x86_64, r-release-windows-x86_64, r-oldrel-macos-arm64, r-oldrel-macos-x86_64, r-oldrel-windows-x86_64