CRAN Package Check Results for Package oscar

Last updated on 2024-07-23 07:07:22 CEST.

Flavor Version Tinstall Tcheck Ttotal Status Flags
r-devel-linux-x86_64-debian-clang 1.2.1 60.61 89.84 150.45 NOTE
r-devel-linux-x86_64-debian-gcc 1.2.1 48.60 67.12 115.72 NOTE
r-devel-linux-x86_64-fedora-clang 1.2.1 192.19 NOTE
r-devel-linux-x86_64-fedora-gcc 1.2.1 210.98 NOTE
r-devel-windows-x86_64 1.2.1 48.00 93.00 141.00 NOTE
r-patched-linux-x86_64 1.2.1 52.91 82.87 135.78 NOTE
r-release-linux-x86_64 1.2.1 51.72 84.22 135.94 NOTE
r-release-macos-arm64 1.2.1 69.00 NOTE
r-release-macos-x86_64 1.2.1 102.00 NOTE
r-release-windows-x86_64 1.2.1 47.00 90.00 137.00 NOTE
r-oldrel-macos-arm64 1.2.1 69.00 OK
r-oldrel-macos-x86_64 1.2.1 217.00 OK
r-oldrel-windows-x86_64 1.2.1 56.00 103.00 159.00 OK

Check Details

Version: 1.2.1
Check: Rd files
Result: NOTE checkRd: (-1) oscar.Rd:44: Lost braces; missing escapes or markup? 44 | \item{print}{Level of verbosity in Fortran (may not be visible on all terminals); should be an integer between {range, range}, Default: 3} | ^ checkRd: (-1) oscar.control.Rd:41: Lost braces; missing escapes or markup? 41 | \item{start}{Starting point generation method, see vignettes for details; should be an integer between {range,range}, Default: 2} | ^ Flavors: r-devel-linux-x86_64-debian-clang, r-devel-linux-x86_64-debian-gcc, r-devel-linux-x86_64-fedora-clang, r-devel-linux-x86_64-fedora-gcc, r-devel-windows-x86_64, r-patched-linux-x86_64, r-release-linux-x86_64, r-release-macos-arm64, r-release-macos-x86_64, r-release-windows-x86_64