CRAN Package Check Results for Package optimizeR

Last updated on 2024-06-14 05:58:32 CEST.

Flavor Version Tinstall Tcheck Ttotal Status Flags
r-devel-linux-x86_64-debian-clang 1.1.0 15.82 119.73 135.55 OK
r-devel-linux-x86_64-debian-gcc 1.1.0 0.26 1.73 1.99 ERROR
r-devel-linux-x86_64-fedora-clang 1.1.0 177.59 OK
r-devel-linux-x86_64-fedora-gcc 1.1.0 155.85 OK
r-devel-windows-x86_64 1.1.0 14.00 101.00 115.00 OK
r-patched-linux-x86_64 1.1.0 8.75 112.64 121.39 OK
r-release-linux-x86_64 1.1.0 14.76 110.38 125.14 OK
r-release-macos-arm64 1.1.0 61.00 OK
r-release-macos-x86_64 1.1.0 79.00 OK
r-release-windows-x86_64 1.1.0 14.00 105.00 119.00 OK
r-oldrel-macos-arm64 1.1.0 63.00 OK
r-oldrel-macos-x86_64 1.1.0 142.00 OK
r-oldrel-windows-x86_64 1.1.0 18.00 124.00 142.00 OK

Check Details

Version: 1.1.0
Check: package dependencies
Result: ERROR Package required but not available: ‘oeli’ Package suggested but not available for checking: ‘testthat’ See section ‘The DESCRIPTION file’ in the ‘Writing R Extensions’ manual. Flavor: r-devel-linux-x86_64-debian-gcc