Last updated on 2025-01-20 19:49:21 CET.
Flavor | Version | Tinstall | Tcheck | Ttotal | Status | Flags |
---|---|---|---|---|---|---|
r-devel-linux-x86_64-debian-clang | 2.2.14 | 5.04 | 35.16 | 40.20 | OK | |
r-devel-linux-x86_64-debian-gcc | 2.2.14 | 2.86 | 27.71 | 30.57 | OK | |
r-devel-linux-x86_64-fedora-clang | 2.2.14 | 67.25 | OK | |||
r-devel-linux-x86_64-fedora-gcc | 2.2.14 | 81.78 | OK | |||
r-devel-windows-x86_64 | 2.2.14 | 6.00 | 54.00 | 60.00 | OK | |
r-patched-linux-x86_64 | 2.2.14 | 4.61 | 34.07 | 38.68 | OK | |
r-release-linux-x86_64 | 2.2.14 | 4.57 | 34.08 | 38.65 | OK | |
r-release-macos-arm64 | 2.2.14 | 29.00 | OK | |||
r-release-macos-x86_64 | 2.2.14 | 55.00 | OK | |||
r-release-windows-x86_64 | 2.2.14 | 6.00 | 57.00 | 63.00 | NOTE | |
r-oldrel-macos-arm64 | 2.2.14 | 34.00 | OK | |||
r-oldrel-macos-x86_64 | 2.2.14 | 48.00 | OK | |||
r-oldrel-windows-x86_64 | 2.2.14 | 7.00 | 58.00 | 65.00 | NOTE |
Version: 2.2.14
Check: package dependencies
Result: NOTE
Package suggested but not available for checking: 'unix'
Flavors: r-release-windows-x86_64, r-oldrel-windows-x86_64