CRAN Package Check Results for Package onion

Last updated on 2024-07-17 06:58:00 CEST.

Flavor Version Tinstall Tcheck Ttotal Status Flags
r-devel-linux-x86_64-debian-clang 1.5-3 20.84 219.67 240.51 OK
r-devel-linux-x86_64-debian-gcc 1.5-3 16.27 159.39 175.66 OK
r-devel-linux-x86_64-fedora-clang 1.5-3 299.31 OK
r-devel-linux-x86_64-fedora-gcc 1.5-3 294.92 OK
r-devel-windows-x86_64 1.5-3 20.00 208.00 228.00 OK
r-patched-linux-x86_64 1.5-3 21.58 205.79 227.37 OK
r-release-linux-x86_64 1.5-3 21.56 208.05 229.61 OK
r-release-macos-arm64 1.5-3 94.00 WARN
r-release-macos-x86_64 1.5-3 187.00 OK
r-release-windows-x86_64 1.5-3 20.00 213.00 233.00 OK
r-oldrel-macos-arm64 1.5-3 101.00 NOTE
r-oldrel-macos-x86_64 1.5-3 234.00 OK
r-oldrel-windows-x86_64 1.5-3 28.00 234.00 262.00 OK

Check Details

Version: 1.5-3
Check: re-building of vignette outputs
Result: WARN Error(s) in re-building vignettes: --- re-building ‘onionmat.Rmd’ using rmarkdown --- finished re-building ‘onionmat.Rmd’ --- re-building ‘onionpaper.Rnw’ using Sweave Loading required package: onion Warning in plot.xy(xy.coords(x, y), type = type, ...) : "box" is not a graphical parameter Warning in plot.xy(xy.coords(x, y), type = type, ...) : "r" is not a graphical parameter Warning in plot.xy(xy.coords(x, y), type = type, ...) : "theta" is not a graphical parameter Warning in plot.xy(xy.coords(x, y), type = type, ...) : "phi" is not a graphical parameter Warning in plot.xy(xy.coords(x, y), type = type, ...) : "box" is not a graphical parameter Warning in plot.xy(xy.coords(x, y), type = type, ...) : "r" is not a graphical parameter Warning in plot.xy(xy.coords(x, y), type = type, ...) : "theta" is not a graphical parameter Warning in plot.xy(xy.coords(x, y), type = type, ...) : "phi" is not a graphical parameter Warning in plot.xy(xy.coords(x, y), type = type, ...) : "box" is not a graphical parameter Warning in plot.xy(xy.coords(x, y), type = type, ...) : "r" is not a graphical parameter Warning in plot.xy(xy.coords(x, y), type = type, ...) : "theta" is not a graphical parameter Warning in plot.xy(xy.coords(x, y), type = type, ...) : "phi" is not a graphical parameter Warning in plot.xy(xy.coords(x, y), type = type, ...) : "box" is not a graphical parameter Warning in plot.xy(xy.coords(x, y), type = type, ...) : "r" is not a graphical parameter Warning in plot.xy(xy.coords(x, y), type = type, ...) : "theta" is not a graphical parameter Warning in plot.xy(xy.coords(x, y), type = type, ...) : "phi" is not a graphical parameter Error: processing vignette 'onionpaper.Rnw' failed with diagnostics: Running 'texi2dvi' on 'onionpaper.tex' failed. LaTeX errors: !pdfTeX error: pdflatex (file bbm10): Font bbm10 at 657 not found ==> Fatal error occurred, no output PDF file produced! --- failed re-building ‘onionpaper.Rnw’ SUMMARY: processing the following file failed: ‘onionpaper.Rnw’ Error: Vignette re-building failed. Execution halted Flavor: r-release-macos-arm64

Version: 1.5-3
Check: re-building of vignette outputs
Result: NOTE Error(s) in re-building vignettes: --- re-building ‘onionmat.Rmd’ using rmarkdown --- finished re-building ‘onionmat.Rmd’ --- re-building ‘onionpaper.Rnw’ using Sweave Loading required package: onion Warning in plot.xy(xy.coords(x, y), type = type, ...) : "box" is not a graphical parameter Warning in plot.xy(xy.coords(x, y), type = type, ...) : "r" is not a graphical parameter Warning in plot.xy(xy.coords(x, y), type = type, ...) : "theta" is not a graphical parameter Warning in plot.xy(xy.coords(x, y), type = type, ...) : "phi" is not a graphical parameter Warning in plot.xy(xy.coords(x, y), type = type, ...) : "box" is not a graphical parameter Warning in plot.xy(xy.coords(x, y), type = type, ...) : "r" is not a graphical parameter Warning in plot.xy(xy.coords(x, y), type = type, ...) : "theta" is not a graphical parameter Warning in plot.xy(xy.coords(x, y), type = type, ...) : "phi" is not a graphical parameter Warning in plot.xy(xy.coords(x, y), type = type, ...) : "box" is not a graphical parameter Warning in plot.xy(xy.coords(x, y), type = type, ...) : "r" is not a graphical parameter Warning in plot.xy(xy.coords(x, y), type = type, ...) : "theta" is not a graphical parameter Warning in plot.xy(xy.coords(x, y), type = type, ...) : "phi" is not a graphical parameter Warning in plot.xy(xy.coords(x, y), type = type, ...) : "box" is not a graphical parameter Warning in plot.xy(xy.coords(x, y), type = type, ...) : "r" is not a graphical parameter Warning in plot.xy(xy.coords(x, y), type = type, ...) : "theta" is not a graphical parameter Warning in plot.xy(xy.coords(x, y), type = type, ...) : "phi" is not a graphical parameter Error: processing vignette 'onionpaper.Rnw' failed with diagnostics: Running 'texi2dvi' on 'onionpaper.tex' failed. LaTeX errors: !pdfTeX error: pdflatex (file bbm10): Font bbm10 at 657 not found ==> Fatal error occurred, no output PDF file produced! --- failed re-building ‘onionpaper.Rnw’ SUMMARY: processing the following file failed: ‘onionpaper.Rnw’ Error: Vignette re-building failed. Execution halted Flavor: r-oldrel-macos-arm64